{"id":915,"date":"2024-09-13T11:38:22","date_gmt":"2024-09-13T11:38:22","guid":{"rendered":"https:\/\/testtorr.no\/index.php\/produkt\/valpepakke-2\/"},"modified":"2024-10-08T16:48:07","modified_gmt":"2024-10-08T16:48:07","slug":"valpepakke-2","status":"publish","type":"product","link":"https:\/\/xn--trrfor-bya.no\/index.php\/produkt\/valpepakke-2\/","title":{"rendered":"Valpepakke"},"content":{"rendered":"<p>Vi har satt sammen en liten valpepakke.<\/p>\n<p>Valpepakken inneholder en liten kickstart inn i valpeliver.<\/p>\n<p>innhold i valpepakken:<\/p>\n<p>&nbsp;<\/p>\n<ul>\n<li>3 kg &#8211; Sportman&#8217;s Pride Valpef\u00f4r<\/li>\n<li>M\u00e5lebeger til Sportman&#8217;s Pride<\/li>\n<li>2 x 100gr junior\/valp godbiter fra Happy Dog<\/li>\n<li>Rabattkode 10% p\u00e5 de 2 f\u00f8rste 15kg sekkene med valpef\u00f4r<\/li>\n<\/ul>\n<p>&nbsp;<\/p>\n<p>Det er i tillegg til dette mulig \u00e5 legge til en VetBed i st\u00f8rrelsen 75&#215;50.<\/p>\n","protected":false},"excerpt":{"rendered":"<p>Vi har satt sammen en liten valpepakke. Valpepakken inneholder en liten kickstart inn i valpeliver. innhold i valpepakken: &nbsp; 3 kg &#8211; Sportman&#8217;s Pride Valpef\u00f4r M\u00e5lebeger til Sportman&#8217;s Pride 2 x 100gr junior\/valp godbiter fra Happy Dog Rabattkode 10% p\u00e5 de 2 f\u00f8rste 15kg sekkene med valpef\u00f4r &nbsp; Det er i tillegg til dette mulig [&hellip;]<\/p>\n","protected":false},"featured_media":0,"comment_status":"open","ping_status":"closed","template":"","meta":{"_crdt_document":""},"product_cat":[22,23,15],"product_tag":[],"class_list":{"0":"post-915","1":"product","2":"type-product","3":"status-publish","5":"product_cat-hund","6":"product_cat-torrfor-hund","7":"product_cat-ukategorisert","9":"first","10":"outofstock","11":"taxable","12":"shipping-taxable","13":"purchasable","14":"product-type-simple"},"supplier_id":null,"supplier_sku":"","barcode":null,"atum_controlled":true,"out_stock_date":"2024-10-08 16:48:07","out_stock_threshold":null,"inheritable":false,"inbound_stock":0,"stock_on_hold":0,"sold_today":0,"sales_last_days":0,"reserved_stock":0,"customer_returns":0,"warehouse_damage":0,"lost_in_post":0,"other_logs":0,"out_stock_days":557,"lost_sales":0,"has_location":false,"update_date":"2026-04-18T17:36:55","atum_locations":[],"atum_stock_status":"outofstock","restock_status":false,"low_stock_amount":"","sales_update_date":"2026-04-18T17:36:55","calc_backorders":null,"_links":{"self":[{"href":"https:\/\/xn--trrfor-bya.no\/index.php\/wp-json\/wp\/v2\/product\/915","targetHints":{"allow":["GET"]}}],"collection":[{"href":"https:\/\/xn--trrfor-bya.no\/index.php\/wp-json\/wp\/v2\/product"}],"about":[{"href":"https:\/\/xn--trrfor-bya.no\/index.php\/wp-json\/wp\/v2\/types\/product"}],"replies":[{"embeddable":true,"href":"https:\/\/xn--trrfor-bya.no\/index.php\/wp-json\/wp\/v2\/comments?post=915"}],"wp:attachment":[{"href":"https:\/\/xn--trrfor-bya.no\/index.php\/wp-json\/wp\/v2\/media?parent=915"}],"wp:term":[{"taxonomy":"product_cat","embeddable":true,"href":"https:\/\/xn--trrfor-bya.no\/index.php\/wp-json\/wp\/v2\/product_cat?post=915"},{"taxonomy":"product_tag","embeddable":true,"href":"https:\/\/xn--trrfor-bya.no\/index.php\/wp-json\/wp\/v2\/product_tag?post=915"}],"curies":[{"name":"wp","href":"https:\/\/api.w.org\/{rel}","templated":true}]}}