{"id":899,"date":"2024-09-13T11:38:20","date_gmt":"2024-09-13T11:38:20","guid":{"rendered":"https:\/\/testtorr.no\/index.php\/produkt\/tyggerull-m-and-2\/"},"modified":"2024-10-20T15:15:46","modified_gmt":"2024-10-20T13:15:46","slug":"tyggerull-m-and-2","status":"publish","type":"product","link":"https:\/\/xn--trrfor-bya.no\/index.php\/produkt\/tyggerull-m-and-2\/","title":{"rendered":"Tyggerull m\/and"},"content":{"rendered":"<p>Trixe tyggerull m\/and.<\/p>\n<p>Liten tyggerull p\u00e5 10cm med andefyll i kjernen. en liten snack eller en bel\u00f8nning litt st\u00f8rre enn en godtbit.<\/p>\n<p>Selges i pakker a 5 stk per pakke.<\/p>\n<p>&nbsp;<\/p>\n<p>\u2022\u00a0Med and<\/p>\n<p>\u2022 Bulk<\/p>\n<p>\u2022\u00a0Glutenfri<\/p>\n<p>\u2022 Uten tilsatt sukker<\/p>\n","protected":false},"excerpt":{"rendered":"<p>Trixe tyggerull m\/and. Liten tyggerull p\u00e5 10cm med andefyll i kjernen. en liten snack eller en bel\u00f8nning litt st\u00f8rre enn en godtbit. Selges i pakker a 5 stk per pakke. &nbsp; \u2022\u00a0Med and \u2022 Bulk \u2022\u00a0Glutenfri \u2022 Uten tilsatt sukker<\/p>\n","protected":false},"featured_media":1093,"comment_status":"open","ping_status":"closed","template":"","meta":{"_crdt_document":""},"product_cat":[26,50],"product_tag":[],"class_list":{"0":"post-899","1":"product","2":"type-product","3":"status-publish","4":"has-post-thumbnail","6":"product_cat-godbiter-og-tygg","7":"product_cat-tygg","9":"first","10":"instock","11":"taxable","12":"shipping-taxable","13":"purchasable","14":"product-type-simple"},"supplier_id":null,"supplier_sku":"","barcode":null,"atum_controlled":true,"out_stock_date":null,"out_stock_threshold":null,"inheritable":false,"inbound_stock":0,"stock_on_hold":0,"sold_today":0,"sales_last_days":0,"reserved_stock":0,"customer_returns":0,"warehouse_damage":0,"lost_in_post":0,"other_logs":0,"out_stock_days":0,"lost_sales":0,"has_location":false,"update_date":"2026-04-18T17:36:55","atum_locations":[],"atum_stock_status":"instock","restock_status":false,"low_stock_amount":"","sales_update_date":"2026-04-18T17:36:55","calc_backorders":null,"_links":{"self":[{"href":"https:\/\/xn--trrfor-bya.no\/index.php\/wp-json\/wp\/v2\/product\/899","targetHints":{"allow":["GET"]}}],"collection":[{"href":"https:\/\/xn--trrfor-bya.no\/index.php\/wp-json\/wp\/v2\/product"}],"about":[{"href":"https:\/\/xn--trrfor-bya.no\/index.php\/wp-json\/wp\/v2\/types\/product"}],"replies":[{"embeddable":true,"href":"https:\/\/xn--trrfor-bya.no\/index.php\/wp-json\/wp\/v2\/comments?post=899"}],"wp:featuredmedia":[{"embeddable":true,"href":"https:\/\/xn--trrfor-bya.no\/index.php\/wp-json\/wp\/v2\/media\/1093"}],"wp:attachment":[{"href":"https:\/\/xn--trrfor-bya.no\/index.php\/wp-json\/wp\/v2\/media?parent=899"}],"wp:term":[{"taxonomy":"product_cat","embeddable":true,"href":"https:\/\/xn--trrfor-bya.no\/index.php\/wp-json\/wp\/v2\/product_cat?post=899"},{"taxonomy":"product_tag","embeddable":true,"href":"https:\/\/xn--trrfor-bya.no\/index.php\/wp-json\/wp\/v2\/product_tag?post=899"}],"curies":[{"name":"wp","href":"https:\/\/api.w.org\/{rel}","templated":true}]}}