{"id":890,"date":"2024-09-13T11:38:17","date_gmt":"2024-09-13T11:38:17","guid":{"rendered":"https:\/\/testtorr.no\/index.php\/produkt\/happy-dog-fit-vital-adult-sport-14kg-2\/"},"modified":"2024-10-08T16:48:04","modified_gmt":"2024-10-08T16:48:04","slug":"happy-dog-fit-vital-adult-sport-14kg-2","status":"publish","type":"product","link":"https:\/\/xn--trrfor-bya.no\/index.php\/produkt\/happy-dog-fit-vital-adult-sport-14kg-2\/","title":{"rendered":"Happy Dog Fit &#038; Vital Adult Sport 14Kg"},"content":{"rendered":"<p>\u2022\u00a0 For topp prestasjon og utholdenhet<\/p>\n<p>\u2022\u00a0 Ekstra kraft fra L-karnitin<\/p>\n<p>\u2022\u00a0 St\u00f8tter leddene<\/p>\n<p>\u2022\u00a0 28\/16 proteinfettinnhold<\/p>\n<p>N\u00e6ringsrikt og energirikt komplett f\u00f4r til veldig aktive og sportslige hunder.<\/p>\n<p>\u00d8nsker du \u00e5 gi din firbeinte venn en ekstra porsjon sunnhet p\u00e5 en balansert og naturlig m\u00e5te? Da er Happy Dog fit &amp; , vital et must &#8211; de fem proteinene i f\u00f4ret sikrer en spesielt balansert hundern\u00e6ring. laks er rik p\u00e5 essensielle omega-3 og omega-6 fettsyrer &#8211; ideell for hud og pels. Lett ford\u00f8yelig fisk forsyner kroppen med mange vitaminer, mens egg gir biologisk verdifullt protein og lam gir mange viktige mineraler. Oppskriften er avrundet av spesielt n\u00e6ringsrikt fj\u00e6rkre, som inneholder essensielle sporstoffer.<\/p>\n<p>Happy Dog fit &amp;\u00a0vital Sport er perfekt tilpasset hundenes behov i sports- og prestasjonssektoren. Basert p\u00e5 det unike Happy Dog Natural Life Concept\u00ae, har de godt tolererte ingrediensene og verdifulle New Zealand-muslingene en positiv effekt p\u00e5 ytelsen og muskel- og skjelettsystemet.<\/p>\n<p><strong>Innhold:<\/strong><\/p>\n<p>Animaliske proteiner * (17,5% fj\u00e6rkre, 4% lam), maismel, mais, fj\u00e6rkre, rismel, bygg, hemoglobin *, fiskemel (4%, hvorav 50% laksemel), kj\u00f8ttmel, hydrolysert lever, solsikke olje, betemasse *, eplepomace *, rapsolje, kaliumklorid, gj\u00e6r *, natriumklorid, tang *, linfr\u00f8 (0,15%), t\u00f8rket hele egg (0,1%), bl\u00e5skjellkj\u00f8tt * (0,02%), gj\u00e6r * (ekstrakt), melketistel, artisjokk, l\u00f8vetann, ingef\u00e6r (0,012%), bj\u00f8rkeblader, brennesle, kamille, koriander, rosmarin, salvie, lakrisrot, timian (totalt t\u00f8rkede urter: 0,15%) ,<\/p>\n<p>* t\u00f8rket.<\/p>\n<p><strong>Analyse:<\/strong><\/p>\n<p>R\u00e5 protein 28,0%, r\u00e5 fett 16,0%, r\u00e5 fiber 2,5%, r\u00e5 aske 6,5%, kalsium 1,5%, fosfor 1,0%, natrium 0,4%, kalium 0,5%, magnesium 0,08%, omega-6 fettsyrer 4,0%, omega- 3 fettsyrer 0,4%<\/p>\n<p><strong>Tilsetningsstoffer:<\/strong><\/p>\n<p><strong>Vitaminer \/ kg:<\/strong><\/p>\n<p>A-vitamin (3a672a) 12000 IE, vitamin D3 (3a671) 1000 IE, vitamin E (3a700) 200 mg, vitamin B1 (3a821) 105 mg, vitamin B2 (3a825ii) 10 mg, vitamin B6 (3a831) 105 mg, biotin (3a880) 25 mcg, kalsium D-pantotenat (3a841) 2 mg, niacin (3a314) 0,15 mg, vitamin B12, kolinklorid (3a890), L-karnitin (3a910),<\/p>\n<p><strong>sporstoffer \/ kg:<\/strong><\/p>\n<p>Jern (som 3b103 , 3b106), kobber (som 3b405 , 3b406), sink (som 3b603 , 3b606 , 3b607), mangan (som 3b502 , 3b504), jod (som 3b202), selen (som 3b801 , 3b8.12), antioksidant , tokoferolrike ekstrakter fra planteoljer 1b306 (i).<\/p>\n","protected":false},"excerpt":{"rendered":"<p>\u2022\u00a0 For topp prestasjon og utholdenhet \u2022\u00a0 Ekstra kraft fra L-karnitin \u2022\u00a0 St\u00f8tter leddene \u2022\u00a0 28\/16 proteinfettinnhold N\u00e6ringsrikt og energirikt komplett f\u00f4r til veldig aktive og sportslige hunder. \u00d8nsker du \u00e5 gi din firbeinte venn en ekstra porsjon sunnhet p\u00e5 en balansert og naturlig m\u00e5te? Da er Happy Dog fit &amp; , vital et must [&hellip;]<\/p>\n","protected":false},"featured_media":250,"comment_status":"open","ping_status":"closed","template":"","meta":{"_crdt_document":""},"product_cat":[22,23,46,48],"product_tag":[28],"class_list":{"0":"post-890","1":"product","2":"type-product","3":"status-publish","4":"has-post-thumbnail","6":"product_cat-hund","7":"product_cat-torrfor-hund","8":"product_cat-46","9":"product_cat-fitogvital","10":"product_tag-happy-dog","12":"first","13":"instock","14":"taxable","15":"shipping-taxable","16":"purchasable","17":"product-type-simple"},"supplier_id":null,"supplier_sku":"","barcode":null,"atum_controlled":true,"out_stock_date":null,"out_stock_threshold":null,"inheritable":false,"inbound_stock":0,"stock_on_hold":0,"sold_today":0,"sales_last_days":0,"reserved_stock":0,"customer_returns":0,"warehouse_damage":0,"lost_in_post":0,"other_logs":0,"out_stock_days":0,"lost_sales":0,"has_location":false,"update_date":"2026-04-18T17:36:55","atum_locations":[],"atum_stock_status":"instock","restock_status":false,"low_stock_amount":"","sales_update_date":"2026-04-18T17:36:55","calc_backorders":null,"_links":{"self":[{"href":"https:\/\/xn--trrfor-bya.no\/index.php\/wp-json\/wp\/v2\/product\/890","targetHints":{"allow":["GET"]}}],"collection":[{"href":"https:\/\/xn--trrfor-bya.no\/index.php\/wp-json\/wp\/v2\/product"}],"about":[{"href":"https:\/\/xn--trrfor-bya.no\/index.php\/wp-json\/wp\/v2\/types\/product"}],"replies":[{"embeddable":true,"href":"https:\/\/xn--trrfor-bya.no\/index.php\/wp-json\/wp\/v2\/comments?post=890"}],"wp:featuredmedia":[{"embeddable":true,"href":"https:\/\/xn--trrfor-bya.no\/index.php\/wp-json\/wp\/v2\/media\/250"}],"wp:attachment":[{"href":"https:\/\/xn--trrfor-bya.no\/index.php\/wp-json\/wp\/v2\/media?parent=890"}],"wp:term":[{"taxonomy":"product_cat","embeddable":true,"href":"https:\/\/xn--trrfor-bya.no\/index.php\/wp-json\/wp\/v2\/product_cat?post=890"},{"taxonomy":"product_tag","embeddable":true,"href":"https:\/\/xn--trrfor-bya.no\/index.php\/wp-json\/wp\/v2\/product_tag?post=890"}],"curies":[{"name":"wp","href":"https:\/\/api.w.org\/{rel}","templated":true}]}}