{"id":887,"date":"2024-09-13T11:38:17","date_gmt":"2024-09-13T11:38:17","guid":{"rendered":"https:\/\/testtorr.no\/index.php\/produkt\/happy-dog-fit-vital-light-calorie-control-12kg-2\/"},"modified":"2024-10-18T12:27:13","modified_gmt":"2024-10-18T12:27:13","slug":"happy-dog-fit-vital-light-calorie-control-12kg-2","status":"publish","type":"product","link":"https:\/\/xn--trrfor-bya.no\/index.php\/produkt\/happy-dog-fit-vital-light-calorie-control-12kg-2\/","title":{"rendered":"Happy Dog Fit &#038; Vital Light Calorie Control 12Kg"},"content":{"rendered":"<p>\u2022 Balansert utvalg av proteiner<\/p>\n<p>\u2022 Redusert fettinnhold<\/p>\n<p>\u2022 Hvetefri formel<\/p>\n<p>\u2022 Fyllende fiber<\/p>\n<p>Fettfattig og mettende fullf\u00f4r for hunder som er litt overvektige eller for vektvedlikehold.<\/p>\n<p>Vil du gi din firbeinte venn en ekstra porsjon helse p\u00e5 en naturlig og balansert m\u00e5te? Da er Happy Dog fit &amp; vital akkurat tingen \u2013 de fem forskjellige proteinkomponentene s\u00f8rger for et sunt utvalg av proteiner, akkurat som naturen gj\u00f8r: laks, sj\u00f8fisk, egg, lam og fj\u00e6rfe.<\/p>\n<p>Laks er rik p\u00e5 essensielle omega-3 og omega-6 fettsyrer &#8211; ideell for hud og pels. Lettford\u00f8yelig sj\u00f8fisk gir kroppen mange vitaminer, mens egg gir biologisk verdifullt protein og lam gir mange viktige mineraler. Oppskriften avrundes med spesielt n\u00e6ringsrikt fj\u00e6rkre, som fungerer som leverand\u00f8r av livsviktige sporstoffer. Happy Dog fit &amp; vital Light Calorie Control er perfekt skreddersydd til behovene til hunder som trenger fettfattig mat for \u00e5 opprettholde en god kroppskonstitusjon og for \u00e5 opprettholde vekten, f.eks. etter en diett. Det deilige, hvetefrie fullf\u00f4ret med kun 7 % fett og L-karnitin fremmer stoffskiftet og er basert p\u00e5 det unike Happy Dog Natural Life Concept\u00ae . P\u00e5 grunn av h\u00f8yt fiberinnhold er t\u00f8rrf\u00f4ret spesielt mettende.<\/p>\n<p><strong>Innhold:<\/strong><\/p>\n<p>Animalske proteiner* (16 % fj\u00e6rfe, 4 % lam), mais, maismel, rismel, bygg, lignocellulose, fiskemel (5 %, inkludert 50 % laksemel), grever, hydrolysert lever, betemelassemasse* (avsukket) , fj\u00e6rfefett, eplerester*, kaliumklorid, solsikkeolje, gj\u00e6r*, natriumklorid, tang*, linfr\u00f8 (0,15%), t\u00f8rket hele egg (0,1%), rapsolje, bl\u00e5skjellkj\u00f8tt* (0,02%), gj\u00e6r* (ekstrahert), melketistel, artisjokk, l\u00f8vetann, ingef\u00e6r (0,013%), bj\u00f8rkeblader, brennesle, kamille, koriander, rosmarin, salvie, lakrisrot, timian (totalt t\u00f8rkede urter 0,15%); *) t\u00f8rket. Metaboliserbar energi: 1340 KJ\/100g; 3205 kalorier\/kg<\/p>\n<p><strong>Analyse:<\/strong><\/p>\n<p>R\u00e5protein 25,5 %, r\u00e5fett 7,0 %, r\u00e5fiber 6,0 %, r\u00e5aske 6,5 %, kalsium 1,4 %, fosfor 0,9 %, natrium 0,4 %, kalium 0,55 %, magnesium 0,08 %, omega-6 fettsyrer, 1,8 %. omega-3 fettsyrer 0,2%.<\/p>\n<p><strong>Tilsetningsstoffer:<\/strong><\/p>\n<p>Vitaminer\/kg: vitamin A (3a672a) 12000 IE, vitamin D3 (3a671) 1000 IE, vitamin E (3a700) 75 mg, vitamin B1 (3a821) 4 mg, vitamin B2 (3a825ii) 6 mg, vitamin B6 (3a831) 4 mg, biotin (3a880) 575 mcg, kalsium D-pantotenat (3a841) 10 mg, niacin (3a314) 40 mg, vitamin B12 70 mcg, kolinklorid (3a890) 60 mg, L &#8211; karnitin (3a0910 mg) 2.<\/p>\n<p>Sporelementer\/kg: jern (som 3b103, 3b106) 105 mg, kobber (som 3b405, 3b406) 10 mg, sink (som 3b603, 3b606, 3b607) 105 mg, mangan (som 3b504, 3b504, 3b504, 3b504, iodin) 3b202) 2 mg, selen (som 3b801, 3b8.12) 0,15 mg. Antioksidanter, tokoferolekstrakter fra vegetabilske oljer 1b306(i).<\/p>\n","protected":false},"excerpt":{"rendered":"<p>\u2022 Balansert utvalg av proteiner \u2022 Redusert fettinnhold \u2022 Hvetefri formel \u2022 Fyllende fiber Fettfattig og mettende fullf\u00f4r for hunder som er litt overvektige eller for vektvedlikehold. Vil du gi din firbeinte venn en ekstra porsjon helse p\u00e5 en naturlig og balansert m\u00e5te? Da er Happy Dog fit &amp; vital akkurat tingen \u2013 de fem [&hellip;]<\/p>\n","protected":false},"featured_media":249,"comment_status":"open","ping_status":"closed","template":"","meta":{"_crdt_document":""},"product_cat":[22,23,46,48],"product_tag":[28],"class_list":{"0":"post-887","1":"product","2":"type-product","3":"status-publish","4":"has-post-thumbnail","6":"product_cat-hund","7":"product_cat-torrfor-hund","8":"product_cat-46","9":"product_cat-fitogvital","10":"product_tag-happy-dog","12":"first","13":"outofstock","14":"taxable","15":"shipping-taxable","16":"purchasable","17":"product-type-simple"},"supplier_id":null,"supplier_sku":"","barcode":null,"atum_controlled":true,"out_stock_date":"2024-10-08 16:48:04","out_stock_threshold":null,"inheritable":false,"inbound_stock":0,"stock_on_hold":0,"sold_today":0,"sales_last_days":0,"reserved_stock":0,"customer_returns":0,"warehouse_damage":0,"lost_in_post":0,"other_logs":0,"out_stock_days":557,"lost_sales":0,"has_location":false,"update_date":"2026-04-18T17:36:55","atum_locations":[],"atum_stock_status":"outofstock","restock_status":false,"low_stock_amount":"","sales_update_date":"2026-04-18T17:36:55","calc_backorders":null,"_links":{"self":[{"href":"https:\/\/xn--trrfor-bya.no\/index.php\/wp-json\/wp\/v2\/product\/887","targetHints":{"allow":["GET"]}}],"collection":[{"href":"https:\/\/xn--trrfor-bya.no\/index.php\/wp-json\/wp\/v2\/product"}],"about":[{"href":"https:\/\/xn--trrfor-bya.no\/index.php\/wp-json\/wp\/v2\/types\/product"}],"replies":[{"embeddable":true,"href":"https:\/\/xn--trrfor-bya.no\/index.php\/wp-json\/wp\/v2\/comments?post=887"}],"wp:featuredmedia":[{"embeddable":true,"href":"https:\/\/xn--trrfor-bya.no\/index.php\/wp-json\/wp\/v2\/media\/249"}],"wp:attachment":[{"href":"https:\/\/xn--trrfor-bya.no\/index.php\/wp-json\/wp\/v2\/media?parent=887"}],"wp:term":[{"taxonomy":"product_cat","embeddable":true,"href":"https:\/\/xn--trrfor-bya.no\/index.php\/wp-json\/wp\/v2\/product_cat?post=887"},{"taxonomy":"product_tag","embeddable":true,"href":"https:\/\/xn--trrfor-bya.no\/index.php\/wp-json\/wp\/v2\/product_tag?post=887"}],"curies":[{"name":"wp","href":"https:\/\/api.w.org\/{rel}","templated":true}]}}