{"id":869,"date":"2024-09-13T11:38:15","date_gmt":"2024-09-13T11:38:15","guid":{"rendered":"https:\/\/testtorr.no\/index.php\/produkt\/happy-dog-sensible-puppy-lam-og-ris-80g-2\/"},"modified":"2024-10-20T15:24:02","modified_gmt":"2024-10-20T13:24:02","slug":"happy-dog-sensible-puppy-lam-og-ris-80g-2","status":"publish","type":"product","link":"https:\/\/xn--trrfor-bya.no\/index.php\/produkt\/happy-dog-sensible-puppy-lam-og-ris-80g-2\/","title":{"rendered":"Happy Dog Sensible Puppy, Lam og Ris 80g"},"content":{"rendered":"<p>\u2022 Spesielt velsmakende<br \/>\u2022 Glutenfri oppskrift<br \/>\u2022 Ideell for hud og pels<br \/>\u2022 St\u00f8tter immunsystemet<\/p>\n<p>Lettford\u00f8yelig komplett valpemat med lam og ris.<\/p>\n<p>Vi vil bare det beste for v\u00e5re sm\u00e5 firbeinte venner. Spesielt de f\u00f8rste ukene er det viktig \u00e5 s\u00f8rge for et sunt og balansert kosthold som er optimalt tilpasset valpens behov. V\u00e5r Happy Dog Sensible Puppy Lamb &amp; Rice kombinerer godt tolerert lam med lett ford\u00f8yelig ris. Den fj\u00e6rfefrie oppskriften er spesielt egnet for hunder med sensitiv mage. Tilsetningen av verdifulle bl\u00e5skjell fra New Zealand st\u00f8tter harmonisk vekst og sunn utvikling av bein, sener, leddb\u00e5nd og ledd. Det optimale forholdet mellom fett og proteiner gir din lille kj\u00e6re den ideelle mengden viktige ingredienser. Basert p\u00e5 Happy Dog Natural Life Concept\u00ae, vil hunden din bli utstyrt med alt som kroppen hans\/hennes vil dra helhetlig nytte av.<\/p>\n<p>Hva er fordelene med Sensible Puppy Lamb &amp; Rice?<br \/>Fj\u00e6rfe fri og glutenfri oppskrift uten tilsetningsstoffer, spesielt lett \u00e5 ford\u00f8ye, balansert fullf\u00f4r,&nbsp;styrker immunforsvaret<\/p>\n<p>Hvor lenge b\u00f8r Sensitive Puppy lam og ris f\u00f4res med?<br \/>Fra 4. leveuke til og med 6. levem\u00e5ned er Happy Dog Sensible Puppy Lamb &amp; Rice ideell. Fra den 7. levem\u00e5neden b\u00f8r valpef\u00f4ret gradvis byttes til Happy Dog Sensible Junior Lamb &amp; Rice. I unghundfasen vokser ditt familiemedlem saktere \u2013 og trenger derfor mindre n\u00e6ringsrik mat.<\/p>\n<p>Krokettene v\u00e5re med hull \u2013 for enda bedre ford\u00f8yelse.<br \/>Krokettene til valpematen er hjerteformede med et hull i midten. P\u00e5 denne m\u00e5ten kan valpen bite gjennom bitene raskere n\u00e5r den spiser og tygge bedre. Den st\u00f8rre overflaten gj\u00f8r at f\u00f4ret brytes optimalt ned av magesaften. Dette st\u00f8tter god ford\u00f8yelse.<\/p>\n<p><strong>Innhold:<\/strong><br \/>Lammeprotein* (20%), rismel (19%), grever, maismel, oksefett, risprotein (5,5%), solsikkeolje, hydrolysert lever, betemelasse* (avsukket), cellulose, eplerester*, rapsfr\u00f8 olje, kaliumklorid, gj\u00e6r*, natriumklorid, tang*, linfr\u00f8, psylliumskall, bl\u00e5skjellkj\u00f8tt* (0,05%), yucca schidigera*, gj\u00e6r* (ekstrahert), melketistel, artisjokk, l\u00f8vetann, ingef\u00e6r, bj\u00f8rkeblader, brennesle , kamille, koriander, rosmarin, salvie, lakrisrot, timian, (t\u00f8rre urter totalt 0,16%) *) t\u00f8rket<\/p>\n<p><strong>Analyse:<\/strong><br \/>R\u00e5protein 30,0 %, r\u00e5fett 16,0 %, r\u00e5fiber 3,0 %, r\u00e5aske 7,5 %, kalsium 1,6 %, fosfor 1,05&nbsp;%, natrium 0,4 %, kalium 0,6 %, magnesium 0,08 %, omega-6 fettsyrer&nbsp;2,5&nbsp;% omega-3 fettsyrer 0,3&nbsp;%<\/p>\n<p><strong>Tilsetningsstoffer:<\/strong><br \/>Vitaminer\/kg: vitamin A (3a672a) 17000 IE, vitamin D3 (3a671) 1000 IE, vitamin E (alle rac-alfa-tokoferylacetat 3a700) 125 mg, vitamin B1 (tiaminmononitrat 3a821) 4 mg, 825 vitamin B2i ) 4 mg, vitamin B6 (pyridoksinhydroklorid 3a831) 4 mg, biotin (3a880) 495 mcg, kalsium D-pantotenat (3a841) 10 mg, niacin (3a314) 50 mg, folsyre (3a316) 3 mg, vitamin B1g , vitamin C (natriumkalsiumaskorbylfosfat 3a312) 30 mg, kolinklorid (3a890) 55 mg.<\/p>\n<p>Sporelementer\/kg: jern (jern(II)sulfat, monohydrat 3b103) 65 mg, kobber (kobber(II)sulfatpentahydrat 3b405) 14 mg, sink (sinkoksid 3b603 100 mg, aminosyre sinkchelat, hydrat 3b60) 125 mg, mangan (mangan (II) oksid 3b502) 30 mg, jod (kalsiumjodat, vannfritt 3b202) 2,5 mg, selen (natriumselenitt 3b801) 0,2 mg. Aminosyrer\/kg: L-tryptofan (3c440) 1000 mg\/kg. Antioksidanter, tokoferolekstrakter fra vegetabilske oljer 1b306(i).<\/p>\n","protected":false},"excerpt":{"rendered":"<p>\u2022 Spesielt velsmakende\u2022 Glutenfri oppskrift\u2022 Ideell for hud og pels\u2022 St\u00f8tter immunsystemet Lettford\u00f8yelig komplett valpemat med lam og ris. Vi vil bare det beste for v\u00e5re sm\u00e5 firbeinte venner. Spesielt de f\u00f8rste ukene er det viktig \u00e5 s\u00f8rge for et sunt og balansert kosthold som er optimalt tilpasset valpens behov. V\u00e5r Happy Dog Sensible Puppy [&hellip;]<\/p>\n","protected":false},"featured_media":1308,"comment_status":"open","ping_status":"closed","template":"","meta":{"_crdt_document":""},"product_cat":[22,23,59],"product_tag":[],"class_list":{"0":"post-869","1":"product","2":"type-product","3":"status-publish","4":"has-post-thumbnail","6":"product_cat-hund","7":"product_cat-torrfor-hund","8":"product_cat-proveposer-hund","10":"first","11":"instock","12":"taxable","13":"shipping-taxable","14":"purchasable","15":"product-type-simple"},"supplier_id":null,"supplier_sku":"","barcode":null,"atum_controlled":true,"out_stock_date":null,"out_stock_threshold":null,"inheritable":false,"inbound_stock":0,"stock_on_hold":0,"sold_today":0,"sales_last_days":0,"reserved_stock":0,"customer_returns":0,"warehouse_damage":0,"lost_in_post":0,"other_logs":0,"out_stock_days":0,"lost_sales":0,"has_location":false,"update_date":"2026-04-18T17:36:55","atum_locations":[],"atum_stock_status":"instock","restock_status":false,"low_stock_amount":"","sales_update_date":"2026-04-18T17:36:55","calc_backorders":null,"_links":{"self":[{"href":"https:\/\/xn--trrfor-bya.no\/index.php\/wp-json\/wp\/v2\/product\/869","targetHints":{"allow":["GET"]}}],"collection":[{"href":"https:\/\/xn--trrfor-bya.no\/index.php\/wp-json\/wp\/v2\/product"}],"about":[{"href":"https:\/\/xn--trrfor-bya.no\/index.php\/wp-json\/wp\/v2\/types\/product"}],"replies":[{"embeddable":true,"href":"https:\/\/xn--trrfor-bya.no\/index.php\/wp-json\/wp\/v2\/comments?post=869"}],"wp:featuredmedia":[{"embeddable":true,"href":"https:\/\/xn--trrfor-bya.no\/index.php\/wp-json\/wp\/v2\/media\/1308"}],"wp:attachment":[{"href":"https:\/\/xn--trrfor-bya.no\/index.php\/wp-json\/wp\/v2\/media?parent=869"}],"wp:term":[{"taxonomy":"product_cat","embeddable":true,"href":"https:\/\/xn--trrfor-bya.no\/index.php\/wp-json\/wp\/v2\/product_cat?post=869"},{"taxonomy":"product_tag","embeddable":true,"href":"https:\/\/xn--trrfor-bya.no\/index.php\/wp-json\/wp\/v2\/product_tag?post=869"}],"curies":[{"name":"wp","href":"https:\/\/api.w.org\/{rel}","templated":true}]}}