{"id":842,"date":"2024-09-13T11:38:10","date_gmt":"2024-09-13T11:38:10","guid":{"rendered":"https:\/\/testtorr.no\/index.php\/produkt\/hundeskal-be-nordic-rustfritt-stal-09l-o23cm-2\/"},"modified":"2024-10-06T14:14:34","modified_gmt":"2024-10-06T14:14:34","slug":"hundeskal-be-nordic-rustfritt-stal-09l-o23cm-2","status":"publish","type":"product","link":"https:\/\/xn--trrfor-bya.no\/index.php\/produkt\/hundeskal-be-nordic-rustfritt-stal-09l-o23cm-2\/","title":{"rendered":"Hundesk\u00e5l BE NORDIC Rustfritt St\u00e5l 0,9L \u00d823cm"},"content":{"rendered":"<p>\u2022 Lakkert<\/p>\n<p>\u2022 Sklisikker<\/p>\n<p>\u2022 T\u00e5ler oppvaskmaskin\u00a0(vennligst fjern gummideler f\u00f8r du legger den i oppvaskmaskinen)<\/p>\n<p>TRIXIE st\u00f8tter maritime verneprosjekter fra salg av serien og ved \u00e5 gj\u00f8re dette bidrar vi til b\u00e6rekraftig naturvern og beskyttelse av mange arter.<\/p>\n","protected":false},"excerpt":{"rendered":"<p>\u2022 Lakkert \u2022 Sklisikker \u2022 T\u00e5ler oppvaskmaskin\u00a0(vennligst fjern gummideler f\u00f8r du legger den i oppvaskmaskinen) TRIXIE st\u00f8tter maritime verneprosjekter fra salg av serien og ved \u00e5 gj\u00f8re dette bidrar vi til b\u00e6rekraftig naturvern og beskyttelse av mange arter.<\/p>\n","protected":false},"featured_media":1106,"comment_status":"open","ping_status":"closed","template":"","meta":{"_crdt_document":""},"product_cat":[60],"product_tag":[31],"class_list":{"0":"post-842","1":"product","2":"type-product","3":"status-publish","4":"has-post-thumbnail","6":"product_cat-utstyr","7":"product_tag-trixie","9":"first","10":"outofstock","11":"taxable","12":"shipping-taxable","13":"purchasable","14":"product-type-simple"},"supplier_id":null,"supplier_sku":"","barcode":null,"atum_controlled":true,"out_stock_date":null,"out_stock_threshold":null,"inheritable":false,"inbound_stock":0,"stock_on_hold":0,"sold_today":0,"sales_last_days":0,"reserved_stock":0,"customer_returns":0,"warehouse_damage":0,"lost_in_post":0,"other_logs":0,"out_stock_days":0,"lost_sales":0,"has_location":false,"update_date":"2026-04-18T17:36:55","atum_locations":[],"atum_stock_status":"outofstock","restock_status":false,"low_stock_amount":"","sales_update_date":"2026-04-18T17:36:55","calc_backorders":null,"_links":{"self":[{"href":"https:\/\/xn--trrfor-bya.no\/index.php\/wp-json\/wp\/v2\/product\/842","targetHints":{"allow":["GET"]}}],"collection":[{"href":"https:\/\/xn--trrfor-bya.no\/index.php\/wp-json\/wp\/v2\/product"}],"about":[{"href":"https:\/\/xn--trrfor-bya.no\/index.php\/wp-json\/wp\/v2\/types\/product"}],"replies":[{"embeddable":true,"href":"https:\/\/xn--trrfor-bya.no\/index.php\/wp-json\/wp\/v2\/comments?post=842"}],"wp:featuredmedia":[{"embeddable":true,"href":"https:\/\/xn--trrfor-bya.no\/index.php\/wp-json\/wp\/v2\/media\/1106"}],"wp:attachment":[{"href":"https:\/\/xn--trrfor-bya.no\/index.php\/wp-json\/wp\/v2\/media?parent=842"}],"wp:term":[{"taxonomy":"product_cat","embeddable":true,"href":"https:\/\/xn--trrfor-bya.no\/index.php\/wp-json\/wp\/v2\/product_cat?post=842"},{"taxonomy":"product_tag","embeddable":true,"href":"https:\/\/xn--trrfor-bya.no\/index.php\/wp-json\/wp\/v2\/product_tag?post=842"}],"curies":[{"name":"wp","href":"https:\/\/api.w.org\/{rel}","templated":true}]}}