{"id":808,"date":"2024-09-13T11:38:05","date_gmt":"2024-09-13T11:38:05","guid":{"rendered":"https:\/\/testtorr.no\/index.php\/produkt\/blodstopp-14g-2\/"},"modified":"2024-10-18T18:58:37","modified_gmt":"2024-10-18T18:58:37","slug":"blodstopp-14g-2","status":"publish","type":"product","link":"https:\/\/xn--trrfor-bya.no\/index.php\/produkt\/blodstopp-14g-2\/","title":{"rendered":"Blodstopp 14g"},"content":{"rendered":"<p>Sure Clot blodstopper.<\/p>\n<p>Inneholder en unik formula som stopper bl\u00f8dning effektivt.<\/p>\n<p>&nbsp;<\/p>\n<p>Enten du er litt uheldig ved kloklipp, hunden skraper seg opp p\u00e5 noe skarpt, eller potene skrekker litt slik at det kommer en bl\u00f8dning. Sure Clot stopper effektivt bl\u00f8dningen.<\/p>\n<p>Dette er en n\u00f8dvendighet n\u00e5r man skal ut p\u00e5 lengre turer eller har en brukshund som til tider kan f\u00e5 \u00f8kt bruksm\u00f8nster.<\/p>\n<p>Skulle hunden v\u00e6re uheldig, kan man enten dyppe klo i beholdren eller ta ut med en q-tip eller lignende og legge p\u00e5 s\u00e5ret. Hold moderat press frem til bl\u00f8dningen stopper.<\/p>\n","protected":false},"excerpt":{"rendered":"<p>Sure Clot blodstopper. Inneholder en unik formula som stopper bl\u00f8dning effektivt. &nbsp; Enten du er litt uheldig ved kloklipp, hunden skraper seg opp p\u00e5 noe skarpt, eller potene skrekker litt slik at det kommer en bl\u00f8dning. Sure Clot stopper effektivt bl\u00f8dningen. Dette er en n\u00f8dvendighet n\u00e5r man skal ut p\u00e5 lengre turer eller har en [&hellip;]<\/p>\n","protected":false},"featured_media":1289,"comment_status":"open","ping_status":"closed","template":"","meta":{"_crdt_document":""},"product_cat":[53],"product_tag":[39],"class_list":{"0":"post-808","1":"product","2":"type-product","3":"status-publish","4":"has-post-thumbnail","6":"product_cat-medisinsk-og-tilskudd","7":"product_tag-bio-groom","9":"first","10":"instock","11":"taxable","12":"shipping-taxable","13":"purchasable","14":"product-type-simple"},"supplier_id":null,"supplier_sku":"","barcode":null,"atum_controlled":true,"out_stock_date":null,"out_stock_threshold":null,"inheritable":false,"inbound_stock":0,"stock_on_hold":0,"sold_today":0,"sales_last_days":0,"reserved_stock":0,"customer_returns":0,"warehouse_damage":0,"lost_in_post":0,"other_logs":0,"out_stock_days":0,"lost_sales":0,"has_location":false,"update_date":"2026-04-18T17:36:55","atum_locations":[],"atum_stock_status":"instock","restock_status":false,"low_stock_amount":"","sales_update_date":"2026-04-18T17:36:55","calc_backorders":null,"_links":{"self":[{"href":"https:\/\/xn--trrfor-bya.no\/index.php\/wp-json\/wp\/v2\/product\/808","targetHints":{"allow":["GET"]}}],"collection":[{"href":"https:\/\/xn--trrfor-bya.no\/index.php\/wp-json\/wp\/v2\/product"}],"about":[{"href":"https:\/\/xn--trrfor-bya.no\/index.php\/wp-json\/wp\/v2\/types\/product"}],"replies":[{"embeddable":true,"href":"https:\/\/xn--trrfor-bya.no\/index.php\/wp-json\/wp\/v2\/comments?post=808"}],"wp:featuredmedia":[{"embeddable":true,"href":"https:\/\/xn--trrfor-bya.no\/index.php\/wp-json\/wp\/v2\/media\/1289"}],"wp:attachment":[{"href":"https:\/\/xn--trrfor-bya.no\/index.php\/wp-json\/wp\/v2\/media?parent=808"}],"wp:term":[{"taxonomy":"product_cat","embeddable":true,"href":"https:\/\/xn--trrfor-bya.no\/index.php\/wp-json\/wp\/v2\/product_cat?post=808"},{"taxonomy":"product_tag","embeddable":true,"href":"https:\/\/xn--trrfor-bya.no\/index.php\/wp-json\/wp\/v2\/product_tag?post=808"}],"curies":[{"name":"wp","href":"https:\/\/api.w.org\/{rel}","templated":true}]}}