{"id":761,"date":"2024-09-13T11:37:57","date_gmt":"2024-09-13T11:37:57","guid":{"rendered":"https:\/\/testtorr.no\/index.php\/produkt\/hundeposer-rull-m-20-poser-2\/"},"modified":"2024-10-06T14:14:28","modified_gmt":"2024-10-06T14:14:28","slug":"hundeposer-rull-m-20-poser-2","status":"publish","type":"product","link":"https:\/\/xn--trrfor-bya.no\/index.php\/produkt\/hundeposer-rull-m-20-poser-2\/","title":{"rendered":"Hundeposer rull m\/20 poser"},"content":{"rendered":"<p>Hundeposer laget i sm\u00e5 ruller som passer alle Flexi multibox.<\/p>\n<p>Ogs\u00e5 hendig \u00e5 ha i lommer p\u00e5 buks\/jakke, uten at de tar stor og un\u00f8dvendig plass.<\/p>\n<p>&nbsp;<\/p>\n<p>4&nbsp;ruller x 20poser per pakke<\/p>\n<p>&nbsp;<\/p>\n<p>Partikj\u00f8p: 4 Pakker &#8211; 100,-<br \/>&nbsp;<\/p>\n","protected":false},"excerpt":{"rendered":"<p>Hundeposer laget i sm\u00e5 ruller som passer alle Flexi multibox. Ogs\u00e5 hendig \u00e5 ha i lommer p\u00e5 buks\/jakke, uten at de tar stor og un\u00f8dvendig plass. &nbsp; 4&nbsp;ruller x 20poser per pakke &nbsp; Partikj\u00f8p: 4 Pakker &#8211; 100,-&nbsp;<\/p>\n","protected":false},"featured_media":0,"comment_status":"open","ping_status":"closed","template":"","meta":{"_crdt_document":""},"product_cat":[15],"product_tag":[31],"class_list":{"0":"post-761","1":"product","2":"type-product","3":"status-publish","5":"product_cat-ukategorisert","6":"product_tag-trixie","8":"first","9":"outofstock","10":"taxable","11":"shipping-taxable","12":"purchasable","13":"product-type-simple"},"supplier_id":null,"supplier_sku":"","barcode":null,"atum_controlled":true,"out_stock_date":null,"out_stock_threshold":null,"inheritable":false,"inbound_stock":0,"stock_on_hold":0,"sold_today":0,"sales_last_days":0,"reserved_stock":0,"customer_returns":0,"warehouse_damage":0,"lost_in_post":0,"other_logs":0,"out_stock_days":0,"lost_sales":0,"has_location":false,"update_date":"2026-04-18T17:36:55","atum_locations":[],"atum_stock_status":"outofstock","restock_status":false,"low_stock_amount":"","sales_update_date":"2026-04-18T17:36:55","calc_backorders":null,"_links":{"self":[{"href":"https:\/\/xn--trrfor-bya.no\/index.php\/wp-json\/wp\/v2\/product\/761","targetHints":{"allow":["GET"]}}],"collection":[{"href":"https:\/\/xn--trrfor-bya.no\/index.php\/wp-json\/wp\/v2\/product"}],"about":[{"href":"https:\/\/xn--trrfor-bya.no\/index.php\/wp-json\/wp\/v2\/types\/product"}],"replies":[{"embeddable":true,"href":"https:\/\/xn--trrfor-bya.no\/index.php\/wp-json\/wp\/v2\/comments?post=761"}],"wp:attachment":[{"href":"https:\/\/xn--trrfor-bya.no\/index.php\/wp-json\/wp\/v2\/media?parent=761"}],"wp:term":[{"taxonomy":"product_cat","embeddable":true,"href":"https:\/\/xn--trrfor-bya.no\/index.php\/wp-json\/wp\/v2\/product_cat?post=761"},{"taxonomy":"product_tag","embeddable":true,"href":"https:\/\/xn--trrfor-bya.no\/index.php\/wp-json\/wp\/v2\/product_tag?post=761"}],"curies":[{"name":"wp","href":"https:\/\/api.w.org\/{rel}","templated":true}]}}