{"id":760,"date":"2024-09-13T11:37:57","date_gmt":"2024-09-13T11:37:57","guid":{"rendered":"https:\/\/testtorr.no\/index.php\/produkt\/happy-dog-profi-line-gold-performance-34-24-20kg-2\/"},"modified":"2024-10-18T12:54:00","modified_gmt":"2024-10-18T12:54:00","slug":"happy-dog-profi-line-gold-performance-34-24-20kg-2","status":"publish","type":"product","link":"https:\/\/xn--trrfor-bya.no\/index.php\/produkt\/happy-dog-profi-line-gold-performance-34-24-20kg-2\/","title":{"rendered":"Happy Dog Profi-Line Gold Performance 34\/24 20Kg"},"content":{"rendered":"<p>\u2022 34\/24 protein\/fett innhold<\/p>\n<p>\u2022 Med New Zealand bl\u00e5skjell for st\u00f8tte av leddene<\/p>\n<p>\u2022 Glutenfri ingredienser<\/p>\n<p>\u2022 Med kyllingkj\u00f8tt<\/p>\n<p>\u2022 Optimal ford\u00f8yelighet og veldig smakfull<\/p>\n<p>\u2022 Med godt tolerert\u00a0ris<\/p>\n<p>\u2022 Uten soya, kunstige fargestoffer og andre tilsetningsstoffer<\/p>\n<p>Happy Dog Profi-Line Gold Performance 34\/24 &#8211; Hovedf\u00f4r til alle voksne hunder med ekstremt h\u00f8yt energibehov.<\/p>\n<p><strong>Ingredienser:<\/strong><\/p>\n<p>Fj\u00e6rkre protein* (26% hvorav 38% er kylling kj\u00f8tt) rismel, ris protein*, kj\u00f8ttmel, laksemel, fj\u00e6rkre fett, oksekj\u00f8tt fett, betemasse* (usukret), solsikkeolje, hydrolisert lever, eple pomace*, kaliumklorid, sodiumklorid, sikori rot (ekstrakt), rapsolje, muslingkj\u00f8tt*. * t\u00f8rket<\/p>\n<p><strong>Analyse:<\/strong><\/p>\n<p>R\u00e5protein 34%, r\u00e5fett 24%, r\u00e5fiber 1,5%, R\u00e5aske 8,0%, Kalsium 1,6%, Fosfor 1,0%, Natrium 0,5%, Magnesium 0,08%, Kalium 0,7%<\/p>\n<p><strong>Tilsetningsstoffer:<\/strong><\/p>\n<p>Per kg: Vitamin A:12000mg. Vitamin D3:1200mg. Vitamin E: 120mg. Vitamin B1: 6mg. Vitamin B2: 6mg. Calsium D:12mg. Niacin: 60mg. Vitamin B6: 5mg. Biotin: 575mg. Vitamin B12: 90mg.<\/p>\n<p>Sporstoffer:<\/p>\n<p>Per kg: Jern (E1 , jern (II) sulfat, monohydrat) 130 mg, kobber (E4 , sulfat-kobber (II) , pentahydrat) 13 mg, sink (zinkoxid 3b603 105 mg,\u00a0 , mangan (E5 , mangan (II) oxid) 16 mg, iod (Calcium Iodate , vannfri 3b202) 1,5 mg, selen (E8 , natriumselenit) 0,2 mg.<\/p>\n","protected":false},"excerpt":{"rendered":"<p>\u2022 34\/24 protein\/fett innhold \u2022 Med New Zealand bl\u00e5skjell for st\u00f8tte av leddene \u2022 Glutenfri ingredienser \u2022 Med kyllingkj\u00f8tt \u2022 Optimal ford\u00f8yelighet og veldig smakfull \u2022 Med godt tolerert\u00a0ris \u2022 Uten soya, kunstige fargestoffer og andre tilsetningsstoffer Happy Dog Profi-Line Gold Performance 34\/24 &#8211; Hovedf\u00f4r til alle voksne hunder med ekstremt h\u00f8yt energibehov. Ingredienser: Fj\u00e6rkre [&hellip;]<\/p>\n","protected":false},"featured_media":235,"comment_status":"open","ping_status":"closed","template":"","meta":{"_crdt_document":""},"product_cat":[22,23,68],"product_tag":[28],"class_list":{"0":"post-760","1":"product","2":"type-product","3":"status-publish","4":"has-post-thumbnail","6":"product_cat-hund","7":"product_cat-torrfor-hund","8":"product_cat-profi-line","9":"product_tag-happy-dog","11":"first","12":"outofstock","13":"taxable","14":"shipping-taxable","15":"purchasable","16":"product-type-simple"},"supplier_id":null,"supplier_sku":"","barcode":null,"atum_controlled":true,"out_stock_date":"2024-10-08 16:48:06","out_stock_threshold":null,"inheritable":false,"inbound_stock":0,"stock_on_hold":0,"sold_today":0,"sales_last_days":0,"reserved_stock":0,"customer_returns":0,"warehouse_damage":0,"lost_in_post":0,"other_logs":0,"out_stock_days":557,"lost_sales":0,"has_location":false,"update_date":"2026-04-18T17:36:55","atum_locations":[],"atum_stock_status":"outofstock","restock_status":false,"low_stock_amount":"","sales_update_date":"2026-04-18T17:36:55","calc_backorders":null,"_links":{"self":[{"href":"https:\/\/xn--trrfor-bya.no\/index.php\/wp-json\/wp\/v2\/product\/760","targetHints":{"allow":["GET"]}}],"collection":[{"href":"https:\/\/xn--trrfor-bya.no\/index.php\/wp-json\/wp\/v2\/product"}],"about":[{"href":"https:\/\/xn--trrfor-bya.no\/index.php\/wp-json\/wp\/v2\/types\/product"}],"replies":[{"embeddable":true,"href":"https:\/\/xn--trrfor-bya.no\/index.php\/wp-json\/wp\/v2\/comments?post=760"}],"wp:featuredmedia":[{"embeddable":true,"href":"https:\/\/xn--trrfor-bya.no\/index.php\/wp-json\/wp\/v2\/media\/235"}],"wp:attachment":[{"href":"https:\/\/xn--trrfor-bya.no\/index.php\/wp-json\/wp\/v2\/media?parent=760"}],"wp:term":[{"taxonomy":"product_cat","embeddable":true,"href":"https:\/\/xn--trrfor-bya.no\/index.php\/wp-json\/wp\/v2\/product_cat?post=760"},{"taxonomy":"product_tag","embeddable":true,"href":"https:\/\/xn--trrfor-bya.no\/index.php\/wp-json\/wp\/v2\/product_tag?post=760"}],"curies":[{"name":"wp","href":"https:\/\/api.w.org\/{rel}","templated":true}]}}