{"id":754,"date":"2024-09-13T11:37:56","date_gmt":"2024-09-13T11:37:56","guid":{"rendered":"https:\/\/testtorr.no\/index.php\/produkt\/happy-dog-fit-vital-mini-adult-4kg-2\/"},"modified":"2024-10-18T12:54:35","modified_gmt":"2024-10-18T12:54:35","slug":"happy-dog-fit-vital-mini-adult-4kg-2","status":"publish","type":"product","link":"https:\/\/xn--trrfor-bya.no\/index.php\/produkt\/happy-dog-fit-vital-mini-adult-4kg-2\/","title":{"rendered":"Happy Dog Fit &#038; Vital Mini Adult"},"content":{"rendered":"<p>Sunt balansert fullf\u00f4r for sm\u00e5, normalt aktive hunder opp til 10 kg<\/p>\n<p>\u00d8nsker du naturlig, balansert mat med en ekstra helsehjelp for kj\u00e6ledyret ditt? S\u00e5 pr\u00f8v Happy Dog fit &amp; vital Mini Adult. Dette\u00a0t\u00f8rrf\u00f4ret\u00a0gir et sunt utvalg av proteiner, akkurat som i naturen, og inneholder derfor fem ulike proteiningredienser: laks, sj\u00f8fisk, egg, lam og fj\u00e6rfe. Laks inneholder essensielle Omega-3 og Omega-6 fettsyrer \u2013 ideell for hud og pels. Sunn sj\u00f8fisk forsyner kroppen med et bredt spekter av vitaminer, mens egg leverer biologisk verdifullt protein og lam gir mange viktige mineraler. N\u00e6ringsrikt fj\u00e6rfe, som leverer essensielle sporstoffer, avrunder formuleringen.<\/p>\n<p>\u2022 Balansert utvalg av proteiner<\/p>\n<p>\u2022 Hvetefri formulering<\/p>\n<p>\u2022 Sm\u00e5 kroketter<\/p>\n<p>\u2022 Optimal for hud og pels<\/p>\n<p>Happy Dog fit &amp; vital Mini Adult er perfekt tilpasset behovene til sm\u00e5 voksne hunder, og er optimal for normalt aktive hunder opp til 10 kg. Det smakfulle, balanserte fullf\u00f4ret er basert p\u00e5 det unike Happy Dog Natural Life Concept\u00ae og er beriket med verdifulle newzealandske bl\u00e5skjell for mer bevegelsesfrihet. Viktige Omega-3 og Omega-6 fettsyrer sikrer sunn hud og en skinnende pels. Den eksepsjonelt sunne, glutenfrie formuleringen st\u00f8tter immunsystemet med vitamin C og spesielt utvalgte urter, slik at hunden din f\u00e5r et lettere liv.<\/p>\n<p><strong>Innhold:<\/strong><\/p>\n<p>Animalske proteiner* (fj\u00e6rfe 16 %, lam 4 %), maismel, mais, oljer og fett, bygg, kj\u00f8ttmel, fiskemel (5 %, hvorav 50 % laksemel), ris, hydrolysert protein, betemasse* ( avsukket), eplerester*, kaliumklorid, gj\u00e6r*, natriumklorid, tang*, linfr\u00f8 (0,16 %), t\u00f8rket hele egg (0,1 %), melketistel, gj\u00e6r* (ekstrakt), bl\u00e5skjellkj\u00f8tt* (0,02 %), yucca schidigera*, artisjokk, l\u00f8vetann, ingef\u00e6r (0,016 %), bj\u00f8rkeblader, brennesle, kamille, koriander, rosmarin, salvie, lakrisrot, timian (totalt t\u00f8rkede urter: 0,15 %)<\/p>\n<p>*) t\u00f8rket<\/p>\n<p><strong>Analyse:<\/strong><\/p>\n<p>R\u00e5protein 26,0 %, r\u00e5fett 14,0 %, r\u00e5fiber 2,0 %, r\u00e5aske 7,0 %, kalsium 1,50 %, fosfor 0,95 %, natrium 0,35 %, omega 6 fettsyrer 3,5 %, omega 3 fettsyrer 0.<\/p>\n<p><strong>Tilsetningsstoffer:<\/strong><\/p>\n<p><strong>Vitaminer\/kg:<\/strong><\/p>\n<p>Vitamin A (3a672a) 17000 IE, vitamin D3 (3a671) 900 IE, vitamin E (som 3a700) 120 mg, vitamin C (som 3a312) 30 mg<\/p>\n<p><strong>Sporelementer\/kg:<\/strong><\/p>\n<p>Jern (som 3b103) 50 mg, kobber (som 3b405) 10 mg, sink (som 3b603, 3b606) 100 mg, mangan (som 3b502) 25 mg, jod (som 3b202) 2 mg, selen (som 3b.01) 3b.<\/p>\n<p>Antioksidant, tokoferolrike ekstrakter fra planteoljer 1b306(i)<\/p>\n","protected":false},"excerpt":{"rendered":"<p>Sunt balansert fullf\u00f4r for sm\u00e5, normalt aktive hunder opp til 10 kg \u00d8nsker du naturlig, balansert mat med en ekstra helsehjelp for kj\u00e6ledyret ditt? S\u00e5 pr\u00f8v Happy Dog fit &amp; vital Mini Adult. Dette\u00a0t\u00f8rrf\u00f4ret\u00a0gir et sunt utvalg av proteiner, akkurat som i naturen, og inneholder derfor fem ulike proteiningredienser: laks, sj\u00f8fisk, egg, lam og fj\u00e6rfe. [&hellip;]<\/p>\n","protected":false},"featured_media":1075,"comment_status":"open","ping_status":"closed","template":"","meta":{"_crdt_document":""},"product_cat":[22,23,46,49],"product_tag":[28],"class_list":{"0":"post-754","1":"product","2":"type-product","3":"status-publish","4":"has-post-thumbnail","6":"product_cat-hund","7":"product_cat-torrfor-hund","8":"product_cat-46","9":"product_cat-hdmini","10":"product_tag-happy-dog","12":"first","13":"outofstock","14":"taxable","15":"shipping-taxable","16":"purchasable","17":"product-type-variable"},"supplier_id":null,"supplier_sku":"","barcode":null,"atum_controlled":true,"out_stock_date":"2024-10-08 16:48:05","out_stock_threshold":null,"inheritable":true,"inbound_stock":0,"stock_on_hold":0,"sold_today":0,"sales_last_days":0,"reserved_stock":0,"customer_returns":0,"warehouse_damage":0,"lost_in_post":0,"other_logs":0,"out_stock_days":557,"lost_sales":0,"has_location":false,"update_date":"2026-04-18T17:36:55","atum_locations":[],"atum_stock_status":"outofstock","restock_status":false,"low_stock_amount":"","sales_update_date":"2026-04-18T17:36:55","calc_backorders":null,"_links":{"self":[{"href":"https:\/\/xn--trrfor-bya.no\/index.php\/wp-json\/wp\/v2\/product\/754","targetHints":{"allow":["GET"]}}],"collection":[{"href":"https:\/\/xn--trrfor-bya.no\/index.php\/wp-json\/wp\/v2\/product"}],"about":[{"href":"https:\/\/xn--trrfor-bya.no\/index.php\/wp-json\/wp\/v2\/types\/product"}],"replies":[{"embeddable":true,"href":"https:\/\/xn--trrfor-bya.no\/index.php\/wp-json\/wp\/v2\/comments?post=754"}],"wp:featuredmedia":[{"embeddable":true,"href":"https:\/\/xn--trrfor-bya.no\/index.php\/wp-json\/wp\/v2\/media\/1075"}],"wp:attachment":[{"href":"https:\/\/xn--trrfor-bya.no\/index.php\/wp-json\/wp\/v2\/media?parent=754"}],"wp:term":[{"taxonomy":"product_cat","embeddable":true,"href":"https:\/\/xn--trrfor-bya.no\/index.php\/wp-json\/wp\/v2\/product_cat?post=754"},{"taxonomy":"product_tag","embeddable":true,"href":"https:\/\/xn--trrfor-bya.no\/index.php\/wp-json\/wp\/v2\/product_tag?post=754"}],"curies":[{"name":"wp","href":"https:\/\/api.w.org\/{rel}","templated":true}]}}