{"id":751,"date":"2024-09-13T11:37:56","date_gmt":"2024-09-13T11:37:56","guid":{"rendered":"https:\/\/testtorr.no\/index.php\/produkt\/happy-dog-fit-vital-mini-senior-4kg-2\/"},"modified":"2024-10-18T12:54:27","modified_gmt":"2024-10-18T12:54:27","slug":"happy-dog-fit-vital-mini-senior-4kg-2","status":"publish","type":"product","link":"https:\/\/xn--trrfor-bya.no\/index.php\/produkt\/happy-dog-fit-vital-mini-senior-4kg-2\/","title":{"rendered":"Happy Dog Fit &#038; Vital Mini Senior 4Kg"},"content":{"rendered":"<p>N\u00e6ringsrikt, balansert fullf\u00f4r for sm\u00e5 hunder i 3. livsfase<\/p>\n<p>\u00d8nsker du mat til din eldre firbeinte venn som er naturlig og balansert? Da er Happy Dog Mini Senior det rette hundef\u00f4ret for deg. Etter naturens eksempel s\u00f8rger fem forskjellige proteiner \u2013 laks, sj\u00f8fisk, egg, lam og fj\u00e6rkre \u2013 for et sunt utvalg av proteiner. Delikat laks er rik p\u00e5 essensielle Omega-3 og Omega-6 fettsyrer, noe som gj\u00f8r den ideell for hud og pels. Lettford\u00f8yelig sj\u00f8fisk tilf\u00f8rer kroppen mange forskjellige vitaminer, mens egg gir viktig protein, og lam gir mange verdifulle mineraler. Formuleringen er avrundet av fj\u00e6rfe, som er spesielt n\u00e6ringsrikt og tilf\u00f8rer essensielle sporstoffer.<\/p>\n<p>\u2022\u00a0Balansert utvalg av proteiner<\/p>\n<p>\u2022 Hvetefri formulering<\/p>\n<p>\u2022 Sm\u00e5 kroketter<\/p>\n<p>\u2022 St\u00f8tte for bevegelsessystemet<\/p>\n<p>Happy Dog Mini Senior er ideelt tilpasset behovene til eldre hunder, fordi, med \u00f8kende alder, endres stoffskiftet i de indre organene. Dette velsmakende, sunne fullf\u00f4ret med optimalt protein-, fosfor- og natriuminnhold tar vare p\u00e5 de indre organene, spesielt hjertet og nyrene, og er basert p\u00e5 det unike Happy Dog Natural Life Concept\u00ae. Den glutenfrie formuleringen som beskytter organene er beriket med vitaliserende L-Carnitin, med newzealandske bl\u00e5skjell for mer bevegelsesfrihet, og vitamin C for \u00e5 st\u00f8tte kroppens forsvarssystem. P\u00e5 denne m\u00e5ten er vitalitet og livsglede mulig inn i alderdommen, noe som betyr at du fortsatt kan ha mange herlige stunder med din firbeinte venn.<\/p>\n<p><strong>Innhold:<\/strong><\/p>\n<p>Ris, mais, kj\u00f8ttmel, bygg, animalske proteiner* (fj\u00e6rfe 4 %, lam 4 %), oljer og fett, fiskemel (5 %, hvorav 50 % laksemel), hydrolysert protein, betemasse (avsukket)*, eplerester*, kaliumklorid, gj\u00e6r*, natriumklorid, tang*, linfr\u00f8 (0,15 %), t\u00f8rket hele egg (0,1 %), sikoripulver, melketistel, bl\u00e5skjellkj\u00f8tt* (0,02 %), yucca schidigera*, gj\u00e6r* (ekstrakt), artisjokk, l\u00f8vetann, ingef\u00e6r (0,014 %), bj\u00f8rkeblader, brennesle, kamille, koriander, rosmarin, salvie, lakrisrot, timian (totalt t\u00f8rkede urter: 0,14 %)<\/p>\n<p><strong>Analyse:<\/strong><\/p>\n<p>R\u00e5protein 23,5 %, r\u00e5fett 11,0 %, r\u00e5fiber 2,0 %, r\u00e5aske 6,0 %, kalsium 0,9 %, fosfor 0,65 %, natrium 0,3 %, omega 6 fettsyrer 2,5 %, omega 3 fettsyrer 03 %.<\/p>\n<p>*) t\u00f8rket<\/p>\n<p><strong>Tilsetningsstoffer:<\/strong><\/p>\n<p><strong>Vitaminer\/kg:<\/strong><\/p>\n<p>Vitamin A (3a672a) 15000 IE, vitamin D3 (3a671) 850 IE, vitamin E (som 3a700) 115 mg, vitamin C (som 3a312) 30 mg, L-karnitin (3a910) 200 mg<\/p>\n<p><strong>Sporelementer\/kg:<\/strong><\/p>\n<p>Jern (som 3b103) 65 mg, kobber (som 3b405) 13 mg, sink (som 3b603, 3b606) 120 mg, mangan (som 3b502) 28 mg, jod (som 3b202) 2,5 mg, 0b801 (as.<\/p>\n<p>Antioksidant, tokoferolrike ekstrakter fra planteoljer 1b306(i)<\/p>\n","protected":false},"excerpt":{"rendered":"<p>N\u00e6ringsrikt, balansert fullf\u00f4r for sm\u00e5 hunder i 3. livsfase \u00d8nsker du mat til din eldre firbeinte venn som er naturlig og balansert? Da er Happy Dog Mini Senior det rette hundef\u00f4ret for deg. Etter naturens eksempel s\u00f8rger fem forskjellige proteiner \u2013 laks, sj\u00f8fisk, egg, lam og fj\u00e6rkre \u2013 for et sunt utvalg av proteiner. Delikat [&hellip;]<\/p>\n","protected":false},"featured_media":266,"comment_status":"open","ping_status":"closed","template":"","meta":{"_crdt_document":""},"product_cat":[22,23,46,49],"product_tag":[28],"class_list":{"0":"post-751","1":"product","2":"type-product","3":"status-publish","4":"has-post-thumbnail","6":"product_cat-hund","7":"product_cat-torrfor-hund","8":"product_cat-46","9":"product_cat-hdmini","10":"product_tag-happy-dog","12":"first","13":"outofstock","14":"taxable","15":"shipping-taxable","16":"purchasable","17":"product-type-simple"},"supplier_id":null,"supplier_sku":"","barcode":null,"atum_controlled":true,"out_stock_date":"2024-10-08 16:48:05","out_stock_threshold":null,"inheritable":false,"inbound_stock":0,"stock_on_hold":0,"sold_today":0,"sales_last_days":0,"reserved_stock":0,"customer_returns":0,"warehouse_damage":0,"lost_in_post":0,"other_logs":0,"out_stock_days":557,"lost_sales":0,"has_location":false,"update_date":"2026-04-18T17:36:55","atum_locations":[],"atum_stock_status":"outofstock","restock_status":false,"low_stock_amount":"","sales_update_date":"2026-04-18T17:36:55","calc_backorders":null,"_links":{"self":[{"href":"https:\/\/xn--trrfor-bya.no\/index.php\/wp-json\/wp\/v2\/product\/751","targetHints":{"allow":["GET"]}}],"collection":[{"href":"https:\/\/xn--trrfor-bya.no\/index.php\/wp-json\/wp\/v2\/product"}],"about":[{"href":"https:\/\/xn--trrfor-bya.no\/index.php\/wp-json\/wp\/v2\/types\/product"}],"replies":[{"embeddable":true,"href":"https:\/\/xn--trrfor-bya.no\/index.php\/wp-json\/wp\/v2\/comments?post=751"}],"wp:featuredmedia":[{"embeddable":true,"href":"https:\/\/xn--trrfor-bya.no\/index.php\/wp-json\/wp\/v2\/media\/266"}],"wp:attachment":[{"href":"https:\/\/xn--trrfor-bya.no\/index.php\/wp-json\/wp\/v2\/media?parent=751"}],"wp:term":[{"taxonomy":"product_cat","embeddable":true,"href":"https:\/\/xn--trrfor-bya.no\/index.php\/wp-json\/wp\/v2\/product_cat?post=751"},{"taxonomy":"product_tag","embeddable":true,"href":"https:\/\/xn--trrfor-bya.no\/index.php\/wp-json\/wp\/v2\/product_tag?post=751"}],"curies":[{"name":"wp","href":"https:\/\/api.w.org\/{rel}","templated":true}]}}