{"id":723,"date":"2024-09-13T11:37:49","date_gmt":"2024-09-13T11:37:49","guid":{"rendered":"https:\/\/testtorr.no\/index.php\/produkt\/happy-dog-soft-snack-toscana-and-laks-100g-2\/"},"modified":"2024-10-18T18:58:54","modified_gmt":"2024-10-18T18:58:54","slug":"happy-dog-soft-snack-toscana-and-laks-100g-2","status":"publish","type":"product","link":"https:\/\/xn--trrfor-bya.no\/index.php\/produkt\/happy-dog-soft-snack-toscana-and-laks-100g-2\/","title":{"rendered":"Happy Dog Soft Snack Toscana (And &#038; Laks) 100g"},"content":{"rendered":"<p>\u2022 And og laks<br \/>\n\u2022 Glutenfri oppskrift<br \/>\n\u2022 Redusert fettinnhold<br \/>\n\u2022 Godt egnet til kastrerte hunder<\/p>\n<p>Myk, glutenfri godbit med deilig and og laks.<br \/>\nDe hjerteformede myke snacksene Toscana egner seg b\u00e5de til velv\u00e6re og som en\u00a0liten godbit innimellom. Lettford\u00f8yelig and og fin laks raffinert med aromatiske middelhavsurter er en smaksopplevelse for kresne hunder. Den hvetefrie oppskriften med moderat fettinnhold er ideell for hunder av mellomstore og store raser som er kastrerte og krevende og som har en tendens til \u00e5 bli overvektige. Disse snacksene er laget uten tilsatt sukker eller konserveringsmidler. Posene er gjenlukkbare, og holder snacks ferske lenger.<\/p>\n<p><strong>Innhold:<\/strong><br \/>\nVegetabilske biprodukter, andeprotein* (15,5%), maismel, mais, rismel, laksemel (3,5%), hydrolysert lever, solsikkeolje, rapsolje, kaliumklorid, gj\u00e6r*, natriumklorid, tang*, linfr\u00f8 , t\u00f8rket hele egg, bl\u00e5skjellkj\u00f8tt*, gj\u00e6r* (ekstrahert); *) t\u00f8rket.<\/p>\n<p><strong>Analyse:<\/strong><br \/>\nR\u00e5protein 18,0\u00a0%, r\u00e5fett 6,5\u00a0%, r\u00e5fiber 2,5\u00a0%, r\u00e5aske 6,0\u00a0%, fuktighet 14,0 %<\/p>\n","protected":false},"excerpt":{"rendered":"<p>\u2022 And og laks \u2022 Glutenfri oppskrift \u2022 Redusert fettinnhold \u2022 Godt egnet til kastrerte hunder Myk, glutenfri godbit med deilig and og laks. De hjerteformede myke snacksene Toscana egner seg b\u00e5de til velv\u00e6re og som en\u00a0liten godbit innimellom. Lettford\u00f8yelig and og fin laks raffinert med aromatiske middelhavsurter er en smaksopplevelse for kresne hunder. Den [&hellip;]<\/p>\n","protected":false},"featured_media":1293,"comment_status":"open","ping_status":"closed","template":"","meta":{"_crdt_document":""},"product_cat":[22,27],"product_tag":[],"class_list":{"0":"post-723","1":"product","2":"type-product","3":"status-publish","4":"has-post-thumbnail","6":"product_cat-hund","7":"product_cat-godbiter","9":"first","10":"outofstock","11":"taxable","12":"shipping-taxable","13":"purchasable","14":"product-type-simple"},"supplier_id":null,"supplier_sku":"","barcode":null,"atum_controlled":true,"out_stock_date":"2024-10-08 16:48:07","out_stock_threshold":null,"inheritable":false,"inbound_stock":0,"stock_on_hold":0,"sold_today":0,"sales_last_days":0,"reserved_stock":0,"customer_returns":0,"warehouse_damage":0,"lost_in_post":0,"other_logs":0,"out_stock_days":557,"lost_sales":0,"has_location":false,"update_date":"2026-04-18T17:36:55","atum_locations":[],"atum_stock_status":"outofstock","restock_status":false,"low_stock_amount":"","sales_update_date":"2026-04-18T17:36:55","calc_backorders":null,"_links":{"self":[{"href":"https:\/\/xn--trrfor-bya.no\/index.php\/wp-json\/wp\/v2\/product\/723","targetHints":{"allow":["GET"]}}],"collection":[{"href":"https:\/\/xn--trrfor-bya.no\/index.php\/wp-json\/wp\/v2\/product"}],"about":[{"href":"https:\/\/xn--trrfor-bya.no\/index.php\/wp-json\/wp\/v2\/types\/product"}],"replies":[{"embeddable":true,"href":"https:\/\/xn--trrfor-bya.no\/index.php\/wp-json\/wp\/v2\/comments?post=723"}],"wp:featuredmedia":[{"embeddable":true,"href":"https:\/\/xn--trrfor-bya.no\/index.php\/wp-json\/wp\/v2\/media\/1293"}],"wp:attachment":[{"href":"https:\/\/xn--trrfor-bya.no\/index.php\/wp-json\/wp\/v2\/media?parent=723"}],"wp:term":[{"taxonomy":"product_cat","embeddable":true,"href":"https:\/\/xn--trrfor-bya.no\/index.php\/wp-json\/wp\/v2\/product_cat?post=723"},{"taxonomy":"product_tag","embeddable":true,"href":"https:\/\/xn--trrfor-bya.no\/index.php\/wp-json\/wp\/v2\/product_tag?post=723"}],"curies":[{"name":"wp","href":"https:\/\/api.w.org\/{rel}","templated":true}]}}