{"id":707,"date":"2024-09-13T11:37:47","date_gmt":"2024-09-13T11:37:47","guid":{"rendered":"https:\/\/testtorr.no\/index.php\/produkt\/klotang-millers-2\/"},"modified":"2024-10-20T15:14:07","modified_gmt":"2024-10-20T13:14:07","slug":"klotang-millers-2","status":"publish","type":"product","link":"https:\/\/xn--trrfor-bya.no\/index.php\/produkt\/klotang-millers-2\/","title":{"rendered":"Klotang Millers"},"content":{"rendered":"<p>Klassisk klotang med godt grep og presis klipping. Millers r\u00f8d klotang klipper perfekt &#8211; hver gang. Laget av fint varmebehandlet st\u00e5l, optimalt slipt for best resultat &#8211; hver gang. Millers r\u00f8d klotang passer alle raser og er enkel \u00e5 bruke for alle som skal klippe kl\u00f8r, uansett om du er nybegynner eller har klippet tusenvis av kl\u00f8r.<\/p>\n","protected":false},"excerpt":{"rendered":"<p>Klassisk klotang med godt grep og presis klipping. Millers r\u00f8d klotang klipper perfekt &#8211; hver gang. Laget av fint varmebehandlet st\u00e5l, optimalt slipt for best resultat &#8211; hver gang. Millers r\u00f8d klotang passer alle raser og er enkel \u00e5 bruke for alle som skal klippe kl\u00f8r, uansett om du er nybegynner eller har klippet tusenvis [&hellip;]<\/p>\n","protected":false},"featured_media":0,"comment_status":"open","ping_status":"closed","template":"","meta":{"_crdt_document":""},"product_cat":[53,60],"product_tag":[],"class_list":{"0":"post-707","1":"product","2":"type-product","3":"status-publish","5":"product_cat-medisinsk-og-tilskudd","6":"product_cat-utstyr","8":"first","9":"instock","10":"taxable","11":"shipping-taxable","12":"purchasable","13":"product-type-simple"},"supplier_id":null,"supplier_sku":"","barcode":null,"atum_controlled":true,"out_stock_date":null,"out_stock_threshold":null,"inheritable":false,"inbound_stock":0,"stock_on_hold":0,"sold_today":0,"sales_last_days":0,"reserved_stock":0,"customer_returns":0,"warehouse_damage":0,"lost_in_post":0,"other_logs":0,"out_stock_days":0,"lost_sales":0,"has_location":false,"update_date":"2026-04-18T17:36:55","atum_locations":[],"atum_stock_status":"instock","restock_status":false,"low_stock_amount":"","sales_update_date":"2026-04-18T17:36:55","calc_backorders":null,"_links":{"self":[{"href":"https:\/\/xn--trrfor-bya.no\/index.php\/wp-json\/wp\/v2\/product\/707","targetHints":{"allow":["GET"]}}],"collection":[{"href":"https:\/\/xn--trrfor-bya.no\/index.php\/wp-json\/wp\/v2\/product"}],"about":[{"href":"https:\/\/xn--trrfor-bya.no\/index.php\/wp-json\/wp\/v2\/types\/product"}],"replies":[{"embeddable":true,"href":"https:\/\/xn--trrfor-bya.no\/index.php\/wp-json\/wp\/v2\/comments?post=707"}],"wp:attachment":[{"href":"https:\/\/xn--trrfor-bya.no\/index.php\/wp-json\/wp\/v2\/media?parent=707"}],"wp:term":[{"taxonomy":"product_cat","embeddable":true,"href":"https:\/\/xn--trrfor-bya.no\/index.php\/wp-json\/wp\/v2\/product_cat?post=707"},{"taxonomy":"product_tag","embeddable":true,"href":"https:\/\/xn--trrfor-bya.no\/index.php\/wp-json\/wp\/v2\/product_tag?post=707"}],"curies":[{"name":"wp","href":"https:\/\/api.w.org\/{rel}","templated":true}]}}