{"id":705,"date":"2024-09-13T11:37:46","date_gmt":"2024-09-13T11:37:46","guid":{"rendered":"https:\/\/testtorr.no\/index.php\/produkt\/hundepolse-snuffle-m-biff-200g-2\/"},"modified":"2024-10-06T14:14:27","modified_gmt":"2024-10-06T14:14:27","slug":"hundepolse-snuffle-m-biff-200g-2","status":"publish","type":"product","link":"https:\/\/xn--trrfor-bya.no\/index.php\/produkt\/hundepolse-snuffle-m-biff-200g-2\/","title":{"rendered":"Hundep\u00f8lse Snuffle M\/Biff 200g"},"content":{"rendered":"<p><strong>Kvalitetsp\u00f8lse fra Snuffle med deilig smak av Biff.<\/p>\n<p>Innhold:<\/strong><br \/>Biff: 92%, Rismel&nbsp;6%, Sj\u00f8gress: 1%, Vitaminer og mineraler: 1%<\/p>\n<p><strong>Analyse:<\/strong><br \/>R\u00e5 protein: 18,4%, R\u00e5 fett: 7,8%, R\u00e5aske 2,7%, R\u00e5fiber: 0,4%, Fuktighet: 65,4%&nbsp;<\/p>\n","protected":false},"excerpt":{"rendered":"<p>Kvalitetsp\u00f8lse fra Snuffle med deilig smak av Biff. Innhold:Biff: 92%, Rismel&nbsp;6%, Sj\u00f8gress: 1%, Vitaminer og mineraler: 1% Analyse:R\u00e5 protein: 18,4%, R\u00e5 fett: 7,8%, R\u00e5aske 2,7%, R\u00e5fiber: 0,4%, Fuktighet: 65,4%&nbsp;<\/p>\n","protected":false},"featured_media":0,"comment_status":"open","ping_status":"closed","template":"","meta":{"_crdt_document":""},"product_cat":[15],"product_tag":[35],"class_list":{"0":"post-705","1":"product","2":"type-product","3":"status-publish","5":"product_cat-ukategorisert","6":"product_tag-snuffle","8":"first","9":"instock","10":"taxable","11":"shipping-taxable","12":"purchasable","13":"product-type-simple"},"supplier_id":null,"supplier_sku":"","barcode":null,"atum_controlled":true,"out_stock_date":null,"out_stock_threshold":null,"inheritable":false,"inbound_stock":0,"stock_on_hold":0,"sold_today":0,"sales_last_days":0,"reserved_stock":0,"customer_returns":0,"warehouse_damage":0,"lost_in_post":0,"other_logs":0,"out_stock_days":0,"lost_sales":0,"has_location":false,"update_date":"2026-04-18T17:36:55","atum_locations":[],"atum_stock_status":"instock","restock_status":false,"low_stock_amount":"","sales_update_date":"2026-04-18T17:36:55","calc_backorders":null,"_links":{"self":[{"href":"https:\/\/xn--trrfor-bya.no\/index.php\/wp-json\/wp\/v2\/product\/705","targetHints":{"allow":["GET"]}}],"collection":[{"href":"https:\/\/xn--trrfor-bya.no\/index.php\/wp-json\/wp\/v2\/product"}],"about":[{"href":"https:\/\/xn--trrfor-bya.no\/index.php\/wp-json\/wp\/v2\/types\/product"}],"replies":[{"embeddable":true,"href":"https:\/\/xn--trrfor-bya.no\/index.php\/wp-json\/wp\/v2\/comments?post=705"}],"wp:attachment":[{"href":"https:\/\/xn--trrfor-bya.no\/index.php\/wp-json\/wp\/v2\/media?parent=705"}],"wp:term":[{"taxonomy":"product_cat","embeddable":true,"href":"https:\/\/xn--trrfor-bya.no\/index.php\/wp-json\/wp\/v2\/product_cat?post=705"},{"taxonomy":"product_tag","embeddable":true,"href":"https:\/\/xn--trrfor-bya.no\/index.php\/wp-json\/wp\/v2\/product_tag?post=705"}],"curies":[{"name":"wp","href":"https:\/\/api.w.org\/{rel}","templated":true}]}}