{"id":702,"date":"2024-09-13T11:37:46","date_gmt":"2024-09-13T11:37:46","guid":{"rendered":"https:\/\/testtorr.no\/index.php\/produkt\/happy-cat-junior-and-fra-4-mnd-2\/"},"modified":"2024-10-18T18:58:59","modified_gmt":"2024-10-18T18:58:59","slug":"happy-cat-junior-and-fra-4-mnd-2","status":"publish","type":"product","link":"https:\/\/xn--trrfor-bya.no\/index.php\/produkt\/happy-cat-junior-and-fra-4-mnd-2\/","title":{"rendered":"Happy Cat Junior And (Fra 4 mnd)"},"content":{"rendered":"<p>Denne kornfrie oppskriften p\u00e5 Happy Cat Young Junior Farm Duck med m\u00f8r gulrot er lett \u00e5 ford\u00f8ye og danner det optimale grunnlaget for harmonisk vekst. Kombinasjonen av ingredienser av h\u00f8y kvalitet, en god balanse av n\u00e6ringsstoffer og essensielt vitamin C st\u00f8tter kattungens egne indre forsvarssystemer og fremmer god helse og velv\u00e6re.<\/p>\n<p>De sm\u00e5 bitene\u00a0med sine verdifulle ingredienser\u00a0er ideelle for juniorkatter fra 4. til 12. m\u00e5ned.<\/p>\n<p><strong>Innhold:<\/strong><br \/>\nFj\u00e6rkreprotein ** (27,5%), potetflak, dehydrert potet, animalsk fett (inkl. Fj\u00e6rkre), andeprotein * (8%), kj\u00f8ttmel, potetprotein *, solsikkeolje (2,4%), lignocellulose (2%) , hydrolysert fisk *, betemasse * (avsukket), rapsolje (0,6%), gj\u00e6r *, eplerester * (0,4%), gulr\u00f8tter (0,2%), natriumklorid, tang, linfr\u00f8 (0,2%), sikoripulver * (0,15 % = 0,1 % inulin), yucca schidigera * (0,1 %), gj\u00e6r * (ekstrakt, 0,02 % = 0,0032 % MOS)<\/p>\n<p><strong>Analyse:<\/strong><br \/>\nR\u00e5protein 36,0 %, r\u00e5fett 18,5 %, r\u00e5fiber 3,0 %, r\u00e5aske 7,0 %, kalsium 1,1 %, fosfor 1,0 %, natrium 0,5 %, kalium 0,65 %, magnesium 0,1 %, Omega-6-5 % fettsyrer, Omega-5 % fettsyrer 3. 3 fettsyrer 0,4 %<\/p>\n<p><strong>Tilsetningsstoffer:<\/strong><br \/>\n<strong>Vitaminer \/ kg:<\/strong><br \/>\nVitamin A (3a672a) 17000 IE, vitamin D3 (3a671) 1000 IE, vitamin E (all-rac-alfa-tokoferylacetat 3a700) 100 mg, vitamin B1 (tiaminmononitrat 3a821) 4 mg, vitamin B2 (riboflavini) 825 mg , Vitamin B6 (Pyridoksinhydroklorid 3a831) 4 mg, Biotin (3a880) 500 mcg, Kalsium D Pantotenat (3a841) 10 mg, Niacin (3a314) 55 mg, Vitamin B12 75 mcg, Vitamin C (natriumfosfat 0 mg 3-fo1-corte) , Taurin (3a370) 1000 mg<br \/>\n<strong>Sporelementer \/ kg:<\/strong><br \/>\nJern (jern (II) sulfat monohydrat 3b103) 135 mg, kobber (kobber (II) sulfat pentahydrat 3b405) 13 mg, sink (sink oksid 3b603) 105 mg, mangan (mangan (II) oksid 3b50 mg, iod) (160 mg, iod) jodat, vannfritt 3b202) 1,5 mg, selen (natriumselenitt 3b801) 0,15 mg, antioksidant, tokoferolekstrakter fra vegetabilske oljer 1b306 (i)<br \/>\n<strong>Aminosyrer \/ kg:<\/strong><br \/>\nDL-Metionin (3c301) 4200 mg.<\/p>\n","protected":false},"excerpt":{"rendered":"<p>Denne kornfrie oppskriften p\u00e5 Happy Cat Young Junior Farm Duck med m\u00f8r gulrot er lett \u00e5 ford\u00f8ye og danner det optimale grunnlaget for harmonisk vekst. Kombinasjonen av ingredienser av h\u00f8y kvalitet, en god balanse av n\u00e6ringsstoffer og essensielt vitamin C st\u00f8tter kattungens egne indre forsvarssystemer og fremmer god helse og velv\u00e6re. De sm\u00e5 bitene\u00a0med sine [&hellip;]<\/p>\n","protected":false},"featured_media":1294,"comment_status":"open","ping_status":"closed","template":"","meta":{"_crdt_document":""},"product_cat":[63,64,65],"product_tag":[30],"class_list":{"0":"post-702","1":"product","2":"type-product","3":"status-publish","4":"has-post-thumbnail","6":"product_cat-katt","7":"product_cat-for","8":"product_cat-torrfor","9":"product_tag-happy-cat","11":"first","12":"outofstock","13":"taxable","14":"shipping-taxable","15":"purchasable","16":"product-type-simple"},"supplier_id":null,"supplier_sku":"","barcode":null,"atum_controlled":true,"out_stock_date":"2024-10-07 19:44:17","out_stock_threshold":null,"inheritable":false,"inbound_stock":0,"stock_on_hold":0,"sold_today":0,"sales_last_days":0,"reserved_stock":0,"customer_returns":0,"warehouse_damage":0,"lost_in_post":0,"other_logs":0,"out_stock_days":557,"lost_sales":0,"has_location":false,"update_date":"2026-04-18T17:36:55","atum_locations":[],"atum_stock_status":"outofstock","restock_status":false,"low_stock_amount":"","sales_update_date":"2026-04-18T17:36:55","calc_backorders":null,"_links":{"self":[{"href":"https:\/\/xn--trrfor-bya.no\/index.php\/wp-json\/wp\/v2\/product\/702","targetHints":{"allow":["GET"]}}],"collection":[{"href":"https:\/\/xn--trrfor-bya.no\/index.php\/wp-json\/wp\/v2\/product"}],"about":[{"href":"https:\/\/xn--trrfor-bya.no\/index.php\/wp-json\/wp\/v2\/types\/product"}],"replies":[{"embeddable":true,"href":"https:\/\/xn--trrfor-bya.no\/index.php\/wp-json\/wp\/v2\/comments?post=702"}],"wp:featuredmedia":[{"embeddable":true,"href":"https:\/\/xn--trrfor-bya.no\/index.php\/wp-json\/wp\/v2\/media\/1294"}],"wp:attachment":[{"href":"https:\/\/xn--trrfor-bya.no\/index.php\/wp-json\/wp\/v2\/media?parent=702"}],"wp:term":[{"taxonomy":"product_cat","embeddable":true,"href":"https:\/\/xn--trrfor-bya.no\/index.php\/wp-json\/wp\/v2\/product_cat?post=702"},{"taxonomy":"product_tag","embeddable":true,"href":"https:\/\/xn--trrfor-bya.no\/index.php\/wp-json\/wp\/v2\/product_tag?post=702"}],"curies":[{"name":"wp","href":"https:\/\/api.w.org\/{rel}","templated":true}]}}