{"id":666,"date":"2024-09-13T11:37:41","date_gmt":"2024-09-13T11:37:41","guid":{"rendered":"https:\/\/testtorr.no\/index.php\/produkt\/happy-dog-sensible-mini-montana-4kg-m-hest-2\/"},"modified":"2024-10-20T15:42:42","modified_gmt":"2024-10-20T13:42:42","slug":"happy-dog-sensible-mini-montana-4kg-m-hest-2","status":"publish","type":"product","link":"https:\/\/xn--trrfor-bya.no\/index.php\/produkt\/happy-dog-sensible-mini-montana-4kg-m-hest-2\/","title":{"rendered":"Happy Dog Sensible Mini Montana M\/Hest"},"content":{"rendered":"<p>F\u00f4rbiter tilpasset mindre hunder.<\/p>\n<p>&nbsp;<\/p>\n<p>Har du en ern\u00e6ringssensitiv hund som er utsatt for ford\u00f8yelsesproblemer og hud- og pelsproblemer? Dette kan skyldes f\u00f4rintoleranse. Hest som eneste kilde til animalsk protein og glutenfrie poteter gj\u00f8r Happy Dog Sensible Mini Montana til en smaksopplevelse selv for ern\u00e6ringssensitive firbeinte venner. Poteter inneholder ikke gluten og anbefales til sm\u00e5 hunder med kornintoleranse. Hest som en sjelden og eksklusiv proteinkilde er preget av optimal toleranse. Verdifulle omega-3 og omega-6 fettsyrer &#8211; viktig for sunn hud og en skinnende pels &#8211; avrunder den eksklusive oppskriften. Dette gj\u00f8r Sensible Mini Montana til et balansert og ideelt f\u00f8rsteklasses t\u00f8rrf\u00f4r for hunder med allergier eller matintoleranse. Det ekstraordin\u00e6rt smakfulle premium fullf\u00f4ret Happy Dog Sensible Mini Montana er ogs\u00e5 ideelt for voksne hunder opp til 10 kg som er ute etter variasjon eller er veldig kresne. De ekstra sm\u00e5 krokettene er veldig enkle \u00e5 tygge.<\/p>\n<p>\u2022\u00a0Monoprotein<\/p>\n<p>\u2022\u00a0Kornfri formel<\/p>\n<p>\u2022\u00a0Anbefales av veterin\u00e6r for matintoleranse<\/p>\n<p>\u2022\u00a0For sensitive hunder<\/p>\n<p><strong>Innhold:<\/strong><\/p>\n<p>Potet*, hesteprotein* (15,5%), potetprotein*, oljer og fett, betemelassemasse* (avsukket), hydrolysert protein, eplerester*, gj\u00e6r* (ekstrahert)<\/p>\n<p>*) t\u00f8rket<\/p>\n<p><strong>Analyse:<\/strong><\/p>\n<p>R\u00e5protein 24,0 %, r\u00e5fett 12,0 %, r\u00e5fiber 2,5 %, r\u00e5aske 9,0 %, kalsium 2,0 %, fosfor 1,2 %, natrium 0,3 %, omega-6 fettsyrer 4,0 %, omega-3 fettsyrer 0,4 %<\/p>\n<p><strong>Tilsetningsstoffer:<\/strong><\/p>\n<p><strong>Vitaminer\/kg:<\/strong><\/p>\n<p>Vitamin A (3a672a) 15000 IE, vitamin D3 (3a671) 900 IE, taurin (3a370) 500 mg<\/p>\n<p><strong>Sporelementer\/kg:<\/strong><\/p>\n<p>Jern (som 3b103) 50 mg, kobber (som 3b405) 10 mg, sink (som 3b603) 60 mg, mangan (som 3b502) 11 mg, jod (som 3b202) 1,0 mg, selen (som 3b801) 0.<\/p>\n<p><strong>Aminosyrer\/kg:<\/strong><\/p>\n<p>DL-Metionin (3c301) 3600 mg<\/p>\n<p>Antioksidanter, tokoferolekstrakter fra vegetabilske oljer 1b306(i)<\/p>\n","protected":false},"excerpt":{"rendered":"<p>F\u00f4rbiter tilpasset mindre hunder. &nbsp; Har du en ern\u00e6ringssensitiv hund som er utsatt for ford\u00f8yelsesproblemer og hud- og pelsproblemer? Dette kan skyldes f\u00f4rintoleranse. Hest som eneste kilde til animalsk protein og glutenfrie poteter gj\u00f8r Happy Dog Sensible Mini Montana til en smaksopplevelse selv for ern\u00e6ringssensitive firbeinte venner. Poteter inneholder ikke gluten og anbefales til sm\u00e5 [&hellip;]<\/p>\n","protected":false},"featured_media":1268,"comment_status":"open","ping_status":"closed","template":"","meta":{"_crdt_document":""},"product_cat":[22,23,46,49],"product_tag":[28],"class_list":{"0":"post-666","1":"product","2":"type-product","3":"status-publish","4":"has-post-thumbnail","6":"product_cat-hund","7":"product_cat-torrfor-hund","8":"product_cat-46","9":"product_cat-hdmini","10":"product_tag-happy-dog","12":"first","13":"instock","14":"taxable","15":"shipping-taxable","16":"purchasable","17":"product-type-variable"},"supplier_id":null,"supplier_sku":"HD61248","barcode":null,"atum_controlled":true,"out_stock_date":null,"out_stock_threshold":null,"inheritable":true,"inbound_stock":0,"stock_on_hold":0,"sold_today":0,"sales_last_days":0,"reserved_stock":0,"customer_returns":0,"warehouse_damage":0,"lost_in_post":0,"other_logs":0,"out_stock_days":0,"lost_sales":0,"has_location":false,"update_date":"2026-04-18T17:36:55","atum_locations":[],"atum_stock_status":"instock","restock_status":false,"low_stock_amount":"","sales_update_date":"2026-04-18T17:36:55","calc_backorders":null,"_links":{"self":[{"href":"https:\/\/xn--trrfor-bya.no\/index.php\/wp-json\/wp\/v2\/product\/666","targetHints":{"allow":["GET"]}}],"collection":[{"href":"https:\/\/xn--trrfor-bya.no\/index.php\/wp-json\/wp\/v2\/product"}],"about":[{"href":"https:\/\/xn--trrfor-bya.no\/index.php\/wp-json\/wp\/v2\/types\/product"}],"replies":[{"embeddable":true,"href":"https:\/\/xn--trrfor-bya.no\/index.php\/wp-json\/wp\/v2\/comments?post=666"}],"wp:featuredmedia":[{"embeddable":true,"href":"https:\/\/xn--trrfor-bya.no\/index.php\/wp-json\/wp\/v2\/media\/1268"}],"wp:attachment":[{"href":"https:\/\/xn--trrfor-bya.no\/index.php\/wp-json\/wp\/v2\/media?parent=666"}],"wp:term":[{"taxonomy":"product_cat","embeddable":true,"href":"https:\/\/xn--trrfor-bya.no\/index.php\/wp-json\/wp\/v2\/product_cat?post=666"},{"taxonomy":"product_tag","embeddable":true,"href":"https:\/\/xn--trrfor-bya.no\/index.php\/wp-json\/wp\/v2\/product_tag?post=666"}],"curies":[{"name":"wp","href":"https:\/\/api.w.org\/{rel}","templated":true}]}}