{"id":658,"date":"2024-09-13T11:37:39","date_gmt":"2024-09-13T11:37:39","guid":{"rendered":"https:\/\/testtorr.no\/index.php\/produkt\/happy-dog-sensible-mini-canada-m-laks-lam-kanin-egg-2\/"},"modified":"2024-10-20T15:44:32","modified_gmt":"2024-10-20T13:44:32","slug":"happy-dog-sensible-mini-canada-m-laks-lam-kanin-egg-2","status":"publish","type":"product","link":"https:\/\/xn--trrfor-bya.no\/index.php\/produkt\/happy-dog-sensible-mini-canada-m-laks-lam-kanin-egg-2\/","title":{"rendered":"Happy Dog Sensible Mini Canada M\/Laks, Lam, Kanin &amp; Egg 4 kg"},"content":{"rendered":"<p>Kornfri med laks, kanin &amp; lam for sm\u00e5 aktive hunder.<\/p>\n<p>Skjem bort din kresne lille hund med en utvalgt kombinasjon av fineste laks, velsmakende kanin og n\u00e6ringsrikt lam avrundet med glutenfri potet. Basert p\u00e5 det unike Happy Dog Natural Life Concept\u00ae, st\u00f8tter de newzealandske bl\u00e5skjellene leddene og verdifulle Omega-3 og Omega-6 fettsyrer fra solsikkeolje og rapsolje s\u00f8rger for en blank pels. Den deilige kornfrie formuleringen med litt h\u00f8yere energiinnhold er ideell for sensitive aktive hunder opp til 10 kg. De ekstra sm\u00e5 kubbene er ideelle for tennene til sm\u00e5 hunderaser.<\/p>\n<p>\u2022 Balanset utvalg av proteiner<\/p>\n<p>\u2022 Kornfri<\/p>\n<p>\u2022 Sm\u00e5 knotter<\/p>\n<p>\u2022 For best ytelse og tilstand<\/p>\n<p><strong>Innhold:<\/strong><\/p>\n<p>Poteter*, oljer og fett, laksemel (9 %), kaninprotein* (9 %), lammeprotein* (9 %), potetprotein*, betemasse* (avsukket), hydrolysert protein, cellulose, eplerester*, t\u00f8rket hele egg, linfr\u00f8, gj\u00e6r*, tytteb\u00e6r*, tang*, bl\u00e5skjellkj\u00f8tt* (0,04 %), gj\u00e6r* (ekstrakt), melketistel, yucca schidigera*, artisjokk, l\u00f8vetann, ingef\u00e6r, bj\u00f8rkeblader, brennesle, kamille, koriander, rosmarin, salvie, lakrisrot, timian (totalt t\u00f8rkede urter: 0,15 %)<\/p>\n<p>*) t\u00f8rket<\/p>\n<p><strong>Analyse:<\/strong><\/p>\n<p>R\u00e5protein 25,0 %, r\u00e5fett 14,0 %, r\u00e5fiber 3,5 %, r\u00e5aske 8,0 %, kalsium 1,4 %, fosfor 1,05 %, natrium 0,45 %, omega-6 fettsyrer 2,5 %, omega-3 % fettsyrer 0.<\/p>\n<p><strong>Tilsetningsstoffer:<\/p>\n<p>Vitaminer\/kg:<\/strong><\/p>\n<p>Vitamin A (3a672a) 15000 IE, vitamin D3 (3a671) 900 IE<\/p>\n<p><strong>Sporelementer\/kg:<\/strong><\/p>\n<p>Jern (som 3b103) 65 mg, kobber (som 3b405) 13 mg, sink (som 3b603) 85 mg, mangan (som 3b502) 16 mg, jod (som 3b202) 1,5 mg, selen (natriumselenitt 3b251 mg) 0,251 mg<\/p>\n<p><strong>Surhetsregulatorer\/kg:<\/strong><\/p>\n<p>Sitronsyre (1a330) 200 mg<\/p>\n<p>Antioksidant, tokoferolrike ekstrakter fra planteoljer 1b306(i)<\/p><p class=\"wp-block-paragraph\"><\/p>","protected":false},"excerpt":{"rendered":"<p>Kornfri med laks, kanin &amp; lam for sm\u00e5 aktive hunder. Skjem bort din kresne lille hund med en utvalgt kombinasjon av fineste laks, velsmakende kanin og n\u00e6ringsrikt lam avrundet med glutenfri potet. Basert p\u00e5 det unike Happy Dog Natural Life Concept\u00ae, st\u00f8tter de newzealandske bl\u00e5skjellene leddene og verdifulle Omega-3 og Omega-6 fettsyrer fra solsikkeolje og [&hellip;]<\/p>\n","protected":false},"featured_media":1083,"comment_status":"open","ping_status":"closed","template":"","meta":{"_crdt_document":""},"product_cat":[22,23,46,49],"product_tag":[28],"class_list":{"0":"post-658","1":"product","2":"type-product","3":"status-publish","4":"has-post-thumbnail","6":"product_cat-hund","7":"product_cat-torrfor-hund","8":"product_cat-46","9":"product_cat-hdmini","10":"product_tag-happy-dog","12":"first","13":"instock","14":"taxable","15":"shipping-taxable","16":"product-type-variable"},"supplier_id":null,"supplier_sku":"","barcode":null,"atum_controlled":true,"out_stock_date":null,"out_stock_threshold":null,"inheritable":true,"inbound_stock":0,"stock_on_hold":0,"sold_today":0,"sales_last_days":0,"reserved_stock":0,"customer_returns":0,"warehouse_damage":0,"lost_in_post":0,"other_logs":0,"out_stock_days":0,"lost_sales":0,"has_location":false,"update_date":"2026-04-18T17:36:55","atum_locations":[],"atum_stock_status":"instock","restock_status":false,"low_stock_amount":"","sales_update_date":"2026-04-18T17:36:55","calc_backorders":null,"_links":{"self":[{"href":"https:\/\/xn--trrfor-bya.no\/index.php\/wp-json\/wp\/v2\/product\/658","targetHints":{"allow":["GET"]}}],"collection":[{"href":"https:\/\/xn--trrfor-bya.no\/index.php\/wp-json\/wp\/v2\/product"}],"about":[{"href":"https:\/\/xn--trrfor-bya.no\/index.php\/wp-json\/wp\/v2\/types\/product"}],"replies":[{"embeddable":true,"href":"https:\/\/xn--trrfor-bya.no\/index.php\/wp-json\/wp\/v2\/comments?post=658"}],"wp:featuredmedia":[{"embeddable":true,"href":"https:\/\/xn--trrfor-bya.no\/index.php\/wp-json\/wp\/v2\/media\/1083"}],"wp:attachment":[{"href":"https:\/\/xn--trrfor-bya.no\/index.php\/wp-json\/wp\/v2\/media?parent=658"}],"wp:term":[{"taxonomy":"product_cat","embeddable":true,"href":"https:\/\/xn--trrfor-bya.no\/index.php\/wp-json\/wp\/v2\/product_cat?post=658"},{"taxonomy":"product_tag","embeddable":true,"href":"https:\/\/xn--trrfor-bya.no\/index.php\/wp-json\/wp\/v2\/product_tag?post=658"}],"curies":[{"name":"wp","href":"https:\/\/api.w.org\/{rel}","templated":true}]}}