{"id":1388,"date":"2024-10-20T16:40:54","date_gmt":"2024-10-20T14:40:54","guid":{"rendered":"https:\/\/xn--trrfor-bya.no\/?post_type=product&#038;p=1388"},"modified":"2024-10-20T18:38:11","modified_gmt":"2024-10-20T16:38:11","slug":"bio-groom-ear-care-118ml","status":"publish","type":"product","link":"https:\/\/xn--trrfor-bya.no\/index.php\/produkt\/bio-groom-ear-care-118ml\/","title":{"rendered":"Bio-Groom Ear Care 118ml"},"content":{"rendered":"<p class=\"wp-block-paragraph\">Bio Groom Ear Care \u00f8rerens rengj\u00f8r effektivt i og rundt \u00f8ret. L\u00f8ser opp og renser for voks, holder \u00f8regangene rene og t\u00f8rre. Er meget mild og sk\u00e5nsom, svir ikke. Brukes jevnlig for \u00e5 forebygge og holde \u00f8rene rene. Antibakteriel, hindrer soppdannelse og vond lukt.Finnes i to st\u00f8rrelser. Til hund og katt.<\/p><p class=\"wp-block-paragraph\">Rist flasken godt. Drypp godt med Ear Care i \u00f8ret, masser godt inntil voks og smuss har l\u00f8snet opp. La hunden riste p\u00e5 hodet f\u00f8r du t\u00f8rker \u00f8ret med bomullsdott. BioGroom Ear care brukes etter behov eller f.eks hver 14dag for \u00e5 forebygge og vedlikeholde sunne og rene \u00f8rer. Brukes ogs\u00e5 etter bad for \u00e5 sikre t\u00f8rre og fine \u00f8rer. Spesielt etter sv\u00f8mmetur. NB. Ta alltid kontakt med veterin\u00e6r hvis du har et dyr med \u00f8reproblemer.<\/p>","protected":false},"excerpt":{"rendered":"<p>Bio Groom Ear Care \u00f8rerens rengj\u00f8r effektivt i og rundt \u00f8ret. L\u00f8ser opp og renser for voks, holder \u00f8regangene rene og t\u00f8rre. Er meget mild og sk\u00e5nsom, svir ikke. Brukes jevnlig for \u00e5 forebygge og holde \u00f8rene rene. Antibakteriel, hindrer soppdannelse og vond lukt.Finnes i to st\u00f8rrelser. Til hund og katt. Rist flasken godt. Drypp [&hellip;]<\/p>\n","protected":false},"featured_media":1411,"comment_status":"open","ping_status":"closed","template":"","meta":{"_crdt_document":""},"product_cat":[22,53,60],"product_tag":[],"class_list":{"0":"post-1388","1":"product","2":"type-product","3":"status-publish","4":"has-post-thumbnail","6":"product_cat-hund","7":"product_cat-medisinsk-og-tilskudd","8":"product_cat-utstyr","10":"first","11":"instock","12":"taxable","13":"shipping-taxable","14":"purchasable","15":"product-type-simple"},"supplier_id":null,"supplier_sku":"","barcode":null,"atum_controlled":true,"out_stock_date":null,"out_stock_threshold":null,"inheritable":false,"inbound_stock":null,"stock_on_hold":0,"sold_today":0,"sales_last_days":0,"reserved_stock":null,"customer_returns":null,"warehouse_damage":null,"lost_in_post":null,"other_logs":null,"out_stock_days":0,"lost_sales":0,"has_location":null,"update_date":"2026-04-18T17:36:54","atum_locations":[],"atum_stock_status":"instock","restock_status":false,"low_stock_amount":"","sales_update_date":"2026-04-18T17:36:54","calc_backorders":null,"_links":{"self":[{"href":"https:\/\/xn--trrfor-bya.no\/index.php\/wp-json\/wp\/v2\/product\/1388","targetHints":{"allow":["GET"]}}],"collection":[{"href":"https:\/\/xn--trrfor-bya.no\/index.php\/wp-json\/wp\/v2\/product"}],"about":[{"href":"https:\/\/xn--trrfor-bya.no\/index.php\/wp-json\/wp\/v2\/types\/product"}],"replies":[{"embeddable":true,"href":"https:\/\/xn--trrfor-bya.no\/index.php\/wp-json\/wp\/v2\/comments?post=1388"}],"wp:featuredmedia":[{"embeddable":true,"href":"https:\/\/xn--trrfor-bya.no\/index.php\/wp-json\/wp\/v2\/media\/1411"}],"wp:attachment":[{"href":"https:\/\/xn--trrfor-bya.no\/index.php\/wp-json\/wp\/v2\/media?parent=1388"}],"wp:term":[{"taxonomy":"product_cat","embeddable":true,"href":"https:\/\/xn--trrfor-bya.no\/index.php\/wp-json\/wp\/v2\/product_cat?post=1388"},{"taxonomy":"product_tag","embeddable":true,"href":"https:\/\/xn--trrfor-bya.no\/index.php\/wp-json\/wp\/v2\/product_tag?post=1388"}],"curies":[{"name":"wp","href":"https:\/\/api.w.org\/{rel}","templated":true}]}}