{"id":1343,"date":"2024-10-19T21:00:03","date_gmt":"2024-10-19T19:00:03","guid":{"rendered":"https:\/\/xn--trrfor-bya.no\/?post_type=product&#038;p=1343"},"modified":"2024-10-20T15:12:42","modified_gmt":"2024-10-20T13:12:42","slug":"provit-frysetorket-lever-50g","status":"publish","type":"product","link":"https:\/\/xn--trrfor-bya.no\/index.php\/produkt\/provit-frysetorket-lever-50g\/","title":{"rendered":"PROVIT Fryset\u00f8rket Lever 50g"},"content":{"rendered":"<p class=\"wp-block-paragraph\">Provit Go\u2019biten er rene, norske naturprodukter uten noen form for tilsetninger. Dette gir trygge og naturlige godbiter til kos, trening og bel\u00f8nning av hunden. Go\u2019biten Lever er produsert av norsk storfelever og fryset\u00f8rket. Fryset\u00f8rking bevarer r\u00e5varens kvalitet, smak, n\u00e6ringsinnhold, mineraler og vitaminer.&nbsp;<\/p><p class=\"wp-block-paragraph\">H\u00f8y smakelighet og lukt av storfelever gir motiverte hunder. Dette er en godbit hunden virkelig vil jobbe for. Go\u2019biten passer derfor ypperlig i innl\u00e6ring og trening av hund p\u00e5 alle niv\u00e5er.&nbsp;<\/p><p class=\"wp-block-paragraph\">Egnet for alle hunder, uansett st\u00f8rrelse og alder.&nbsp;<\/p><p class=\"wp-block-paragraph\">Singelprotein storfe gj\u00f8r at du har kontroll i forhold til sensitivitet eller allergi.&nbsp;<\/p><p class=\"wp-block-paragraph\"><strong>SAMMENSETNING:&nbsp;<\/strong><br>Storfelever<\/p><p class=\"wp-block-paragraph\"><strong>N\u00c6RINGSINNHOLD:<\/strong><br>Protein 67%, fett 13%, vann &lt; 3%<\/p><p class=\"wp-block-paragraph\"><strong>HOLDBARHET:<\/strong><br>Se datostempling p\u00e5 posen. N\u00e5r posen er \u00e5pnet b\u00f8r innholdet brukes innen 14 dager.&nbsp;<\/p><p class=\"wp-block-paragraph\">Lagres t\u00f8rt og kj\u00f8lig.<\/p><p class=\"wp-block-paragraph\"><strong>Om Provit:&nbsp;<\/strong>Provit er et kvalitetsf\u00f4r som kan bidra til bedre helse for hunden din. F\u00f4ret er produsert av overskuddet fra norske kj\u00f8ttr\u00e5varer, ved \u00e5 velge Provit bidrar du dermed ogs\u00e5 i kampen mot matsvinn.&nbsp;<br>Du kan med trygghet og god samvittighet gi hunden din Provit.&nbsp;<\/p>","protected":false},"excerpt":{"rendered":"<p>Provit Go\u2019biten er rene, norske naturprodukter uten noen form for tilsetninger. Dette gir trygge og naturlige godbiter til kos, trening og bel\u00f8nning av hunden. Go\u2019biten Lever er produsert av norsk storfelever og fryset\u00f8rket. Fryset\u00f8rking bevarer r\u00e5varens kvalitet, smak, n\u00e6ringsinnhold, mineraler og vitaminer.&nbsp; H\u00f8y smakelighet og lukt av storfelever gir motiverte hunder. Dette er en godbit [&hellip;]<\/p>\n","protected":false},"featured_media":1349,"comment_status":"open","ping_status":"closed","template":"","meta":{"_crdt_document":""},"product_cat":[22,26,27],"product_tag":[],"class_list":{"0":"post-1343","1":"product","2":"type-product","3":"status-publish","4":"has-post-thumbnail","6":"product_cat-hund","7":"product_cat-godbiter-og-tygg","8":"product_cat-godbiter","10":"first","11":"instock","12":"taxable","13":"shipping-taxable","14":"purchasable","15":"product-type-simple"},"supplier_id":null,"supplier_sku":"","barcode":null,"atum_controlled":true,"out_stock_date":null,"out_stock_threshold":null,"inheritable":false,"inbound_stock":0,"stock_on_hold":0,"sold_today":0,"sales_last_days":0,"reserved_stock":0,"customer_returns":0,"warehouse_damage":0,"lost_in_post":0,"other_logs":0,"out_stock_days":0,"lost_sales":0,"has_location":false,"update_date":"2026-04-18T17:36:54","atum_locations":[],"atum_stock_status":"instock","restock_status":false,"low_stock_amount":"","sales_update_date":"2026-04-18T17:36:54","calc_backorders":null,"_links":{"self":[{"href":"https:\/\/xn--trrfor-bya.no\/index.php\/wp-json\/wp\/v2\/product\/1343","targetHints":{"allow":["GET"]}}],"collection":[{"href":"https:\/\/xn--trrfor-bya.no\/index.php\/wp-json\/wp\/v2\/product"}],"about":[{"href":"https:\/\/xn--trrfor-bya.no\/index.php\/wp-json\/wp\/v2\/types\/product"}],"replies":[{"embeddable":true,"href":"https:\/\/xn--trrfor-bya.no\/index.php\/wp-json\/wp\/v2\/comments?post=1343"}],"wp:featuredmedia":[{"embeddable":true,"href":"https:\/\/xn--trrfor-bya.no\/index.php\/wp-json\/wp\/v2\/media\/1349"}],"wp:attachment":[{"href":"https:\/\/xn--trrfor-bya.no\/index.php\/wp-json\/wp\/v2\/media?parent=1343"}],"wp:term":[{"taxonomy":"product_cat","embeddable":true,"href":"https:\/\/xn--trrfor-bya.no\/index.php\/wp-json\/wp\/v2\/product_cat?post=1343"},{"taxonomy":"product_tag","embeddable":true,"href":"https:\/\/xn--trrfor-bya.no\/index.php\/wp-json\/wp\/v2\/product_tag?post=1343"}],"curies":[{"name":"wp","href":"https:\/\/api.w.org\/{rel}","templated":true}]}}